{"id":17100,"date":"2022-09-15T19:32:02","date_gmt":"2022-09-15T19:32:02","guid":{"rendered":"http:\/\/alikurtsoy.com\/?page_id=17100"},"modified":"2022-09-16T15:56:31","modified_gmt":"2022-09-16T15:56:31","slug":"kafa-tabani","status":"publish","type":"page","link":"https:\/\/www.alikurtsoy.com\/index.php\/kafa-tabani\/","title":{"rendered":"Kafa Taban\u0131"},"content":{"rendered":"\t\t<div data-elementor-type=\"wp-page\" data-elementor-id=\"17100\" class=\"elementor elementor-17100\">\n\t\t\t\t\t\t\t\t\t<section class=\"elementor-section elementor-top-section elementor-element elementor-element-1fc0594 elementor-section-boxed elementor-section-height-default elementor-section-height-default\" data-id=\"1fc0594\" data-element_type=\"section\">\n\t\t\t\t\t\t<div class=\"elementor-container elementor-column-gap-default\">\n\t\t\t\t\t<div class=\"elementor-column elementor-col-100 elementor-top-column elementor-element elementor-element-42d274e\" data-id=\"42d274e\" data-element_type=\"column\">\n\t\t\t<div class=\"elementor-widget-wrap elementor-element-populated\">\n\t\t\t\t\t\t\t\t<div class=\"elementor-element elementor-element-6b38407 elementor-widget elementor-widget-section-title\" data-id=\"6b38407\" data-element_type=\"widget\" data-widget_type=\"section-title.default\">\n\t\t\t\t<div class=\"elementor-widget-container\">\n\t\t\t<div class=\"pt-section pt-style-1 text-center\">\r\n\t\t\r\n   \t\t   \t\t\t   <h5 class=\"pt-section-title\" >Kafa Taban\u0131<\/h5>\r\n\t\t\t\r\n<\/div>\t\t<\/div>\n\t\t\t\t<\/div>\n\t\t\t\t\t<\/div>\n\t\t<\/div>\n\t\t\t\t\t\t\t<\/div>\n\t\t<\/section>\n\t\t\t\t<section class=\"elementor-section elementor-top-section elementor-element elementor-element-2d067c0d elementor-section-boxed elementor-section-height-default elementor-section-height-default\" data-id=\"2d067c0d\" data-element_type=\"section\">\n\t\t\t\t\t\t<div class=\"elementor-container elementor-column-gap-default\">\n\t\t\t\t\t<div class=\"elementor-column elementor-col-50 elementor-top-column elementor-element elementor-element-6bd3b72\" data-id=\"6bd3b72\" data-element_type=\"column\">\n\t\t\t<div class=\"elementor-widget-wrap elementor-element-populated\">\n\t\t\t\t\t\t\t\t<div class=\"elementor-element elementor-element-6d56ca4e elementor-widget elementor-widget-text-editor\" data-id=\"6d56ca4e\" data-element_type=\"widget\" data-widget_type=\"text-editor.default\">\n\t\t\t\t<div class=\"elementor-widget-container\">\n\t\t\t<style>\/*! elementor - v3.17.0 - 08-11-2023 *\/\n.elementor-widget-text-editor.elementor-drop-cap-view-stacked .elementor-drop-cap{background-color:#69727d;color:#fff}.elementor-widget-text-editor.elementor-drop-cap-view-framed .elementor-drop-cap{color:#69727d;border:3px solid;background-color:transparent}.elementor-widget-text-editor:not(.elementor-drop-cap-view-default) .elementor-drop-cap{margin-top:8px}.elementor-widget-text-editor:not(.elementor-drop-cap-view-default) .elementor-drop-cap-letter{width:1em;height:1em}.elementor-widget-text-editor .elementor-drop-cap{float:left;text-align:center;line-height:1;font-size:50px}.elementor-widget-text-editor .elementor-drop-cap-letter{display:inline-block}<\/style>\t\t\t\t<p><!-- wp:paragraph --><\/p>\n<p>Kafa taban\u0131n\u0131n farkl\u0131 b\u00f6lgelerindeki lezyonlara yakla\u015fabilmek amac\u0131 ile kullan\u0131labilecek \u00e7ok say\u0131da cerrahi teknik bulunmaktad\u0131r. Cerrahi tekni\u011fi iyi uygulayabilmek kadar endikasyonun da do\u011fru konulmas\u0131 son derece \u00f6nemlidir. Derin yerle\u015fimli bu lezyonlar\u0131n tedavisi i\u00e7in teorik bilgilerin yan\u0131 s\u0131ra pratik anatomik bilgi zorunludur ve kafa taban\u0131 cerrahisi uygulayan ekibin birikimi ve yetenekleri cerrahi tedavinin sonu\u00e7lar\u0131nda \u00f6nemli rol oynayacakt\u0131r. Sonu\u00e7lar \u00fczerinde etkisinin oldu\u011fu yads\u0131nmamas\u0131 gereken di\u011fer \u00f6nemli fakt\u00f6rler de n\u00f6ronavigasyon, cerrahi mikroskop, kavitron ultrasonik aspirat\u00f6r ve intraoperatif ultrasonografi gibi teknik donan\u0131m destekleridir.<\/p>\n<p><!-- \/wp:paragraph --><!-- wp:paragraph --><\/p>\n<p>Kafa taban\u0131na cerrahi yakla\u015f\u0131mlar anterior, anterolateral, lateral, posterolateral ve posterior olmak \u00fczere be\u015f gurup \u015feklinde yap\u0131labilir.<\/p>\n<p><!-- \/wp:paragraph --><!-- wp:heading --><\/p>\n<h2><strong>Kafa Taban\u0131na Cerrahi Yakla\u015f\u0131mlar<\/strong><\/h2>\n<p><strong><!-- \/wp:heading --><!-- wp:list {\"ordered\":true} --><\/strong><\/p>\n<p><strong>1. Anterior Yakla\u015f\u0131mlar:<\/strong><\/p>\n<ol>\n<li style=\"list-style-type: none;\">\n<ol>Subfrontal ve frontoorbital yakla\u015f\u0131mlar: Frontal kaide ve orbitay\u0131 ilgilendiren bening ya da malign lezyonlarda lezyon lokalizasyonuna g\u00f6re tek veya \u00e7ift tarafl\u0131 frontal kraniyotomi ile subfrontal b\u00f6lgenin ortaya konulmas\u0131na y\u00f6nelik bir yakla\u015f\u0131md\u0131r. Supraorbital \u00e7entik tek tarafl\u0131 orbita tavan\u0131n\u0131n \u00fcst b\u00f6l\u00fcm\u00fc ile kald\u0131r\u0131l\u0131rsa bu yakla\u015f\u0131m frontoorbital olarak isimlendirilmektedir. Subfrontal yakla\u015f\u0131m, olfaktor oluk meninjiomlar\u0131 ba\u015fta olmak \u00fczere di\u011fer \u00f6n kafa taban\u0131 lezyonlar\u0131nda uygun iken, frontoorbital yakla\u015f\u0131m \u00e7o\u011fu kez orbita t\u00fcm\u00f6rlerinde kullan\u0131lmaktad\u0131r.<\/ol>\n<\/li>\n<li style=\"list-style-type: none;\">\u00a0\u00a0\n<ol>Transsfenoidal ve transmaksiller yakla\u015f\u0131m: Sublabiyal transsfenoidal yakla\u015f\u0131m sfenoid sin\u00fcs, sella tursika ve orta klivus lezyonlar\u0131 i\u00e7in uygundur. Pratikte en s\u0131k olarak hipofiz adenomlar\u0131 i\u00e7in kullan\u0131lmaktad\u0131r. Lezyonlar\u0131n ethmoid veya maksillar sin\u00fcs i\u00e7erisine uzan\u0131m g\u00f6sterdi\u011fi olgularda transethmoidal veya transmaksiller yakla\u015f\u0131mlar daha uygun olabilir.<\/ol>\n<\/li>\n<li style=\"list-style-type: none;\">\u00a0\n<ol>Geni\u015fletilmi\u015f frontobazal yakla\u015f\u0131m: Genellikle \u00f6n kafa taban\u0131n\u0131n ekstradural lezyonlar\u0131 ile birlikte, klivusa lokalize bening veya malign lezyonlar\u0131n \u00f6nemli bir beyin ekartman\u0131 yap\u0131lmaks\u0131z\u0131n \u00e7\u0131kart\u0131lmas\u0131 i\u00e7in ba\u015fvurulan bir yakla\u015f\u0131md\u0131r. Koku sinirinin feda edilmesi nedeni ile hastalarda anosminin ortaya \u00e7\u0131kmas\u0131 \u00f6nemli bir morbiditedir.<\/ol>\n<\/li>\n<li style=\"list-style-type: none;\">\u00a0\n<ol>Transoral yakla\u015f\u0131m: Bu yakla\u015f\u0131m alt klivus, kraniyoservikal bile\u015fke ve \u00fcst iki servikal vertebray\u0131 ilgilendiren orta hatta lokalize ekstradural lezyonlar i\u00e7in tercih edilmektedir. \u0130ntradural lezyonlar\u0131n da bu yakla\u015f\u0131m ile \u00e7\u0131kart\u0131lmalar\u0131 m\u00fcmk\u00fcn olmakla birlikte, ameliyat sonras\u0131 beyin omurilik s\u0131v\u0131s\u0131 ka\u00e7a\u011f\u0131 ve buna ba\u011fl\u0131 morbiditeler nedeni ile komplike olabilmektedir. Romatoid artrit, konjenital malformasyonlar, baziller impresyon, os odontoideum, kordoma, osteoblastoma ve metastaz gibi \u00e7ok \u00e7e\u015fitli ekstradural yerle\u015fimli lezyonlar\u0131n tedavisinde endikedir.<\/ol>\n<\/li>\n<\/ol>\n<p><strong>2. Anterolateral Yakla\u015f\u0131mlar:<\/strong><\/p>\n<ol>\n<li style=\"list-style-type: none\">\n<ol>Pterional ve kranioorbitozigomatik yakla\u015f\u0131m: En s\u0131k kullan\u0131lan beyin cerrahisi yakla\u015f\u0131m\u0131d\u0131r. Bu yakla\u015f\u0131m\u0131n modifikasyonu olan ve orbital \u00e7entikle birlikte \u00f6n orbita tavan\u0131 ve zigomatik arkusun \u00e7\u0131kart\u0131ld\u0131\u011f\u0131 kranioorbitozigomatik yakla\u015f\u0131m baziller sistem anevrizmalar\u0131, proksimal internal karotid arter anevrizmalar\u0131, parasellar interpedink\u00fcler ve orbital lezyonlar\u0131n beyin dokusuna en az ekartman ile \u00e7\u0131kart\u0131lmas\u0131 i\u00e7in yayg\u0131n olarak kullan\u0131lmaktad\u0131r.<\/ol>\n<\/li>\n<\/ol>\n<p><strong>3. Lateral Yakla\u015f\u0131mlar:<\/strong><\/p>\n<ol>\n<li style=\"list-style-type: none;\">\n<ol>Subtemporal infratemporal yakla\u015f\u0131m: Orta ve alt klivus b\u00f6lgesine ekstradural olarak uzan\u0131m g\u00f6steren lezyonlar i\u00e7in tercih edilir. \u0130nternal karotid arterin petroz segmentinin ekspoze edilmesi s\u0131ras\u0131nda arteriyel zedelenme riski vard\u0131r.<\/ol>\n<\/li>\n<li style=\"list-style-type: none;\">\u00a0\n<ol>Transpetrozal yakla\u015f\u0131m: Petrozal kemi\u011fin \u00f6nden petroz apisektomi yap\u0131larak anterior transpetrozal yakla\u015f\u0131m veya arkadan mastoidektomi ile birlikte presigmoid posterior transpetrozal yakla\u015f\u0131m \u015feklinde yap\u0131labilir. Anterior transpetrozal yakla\u015f\u0131m bir subtemporal yakla\u015f\u0131m olmakla birlikte, posterior transpetrozal yakla\u015f\u0131mda mastoidektomi ile birlikte baz\u0131 olgularda labirentektomi de yap\u0131labilmektedir. \u00c7ok daha geni\u015f bir cerrahi saha elde edilmek isteniyor ise fasiyal sinirin rerout edilmesi ve kohlean\u0131n rezeke edilmesiyle birlikte total petrozektomi yakla\u015f\u0131m\u0131 gerekli olabilir.<\/ol>\n<\/li>\n<\/ol>\n<p><strong>4. Posterolateral Yakla\u015f\u0131mlar:<\/strong><\/p>\n<ol>\n<li style=\"list-style-type: none;\">\n<ol>Retrosigmoid yakla\u015f\u0131m: Sigmoid sin\u00fcs\u00fcn arkas\u0131nda serebellar dokunun ekarte edilmesi ile birlikte pontoserebellar k\u00f6\u015fenin ortaya konuldu\u011fu ve pratikte s\u0131k uygulanan bir yakla\u015f\u0131m\u0131d\u0131r. K\u00f6\u015fede lokalize olan schwannoma, meninjioma ve epidermoid t\u00fcm\u00f6r gibi lezyonlar\u0131n yan\u0131 s\u0131ra mikrovask\u00fcler dekompresyon operasyonlar\u0131 i\u00e7in de uygun bir yakla\u015f\u0131md\u0131r.<\/ol>\n<\/li>\n<\/ol>\n<ol>\n<li style=\"list-style-type: none;\">\n<ol>Uzak lateral yakla\u015f\u0131m: Bu yakla\u015f\u0131m\u0131 orta ve alt klivus ile \u00fcst servikal spinal b\u00f6lge ve foramen jugulare lokalizasyonlu meninjioma, kordoma, metastatik t\u00fcm\u00f6rler ve baz\u0131 vask\u00fcler patolojiler gibi lezyonlar i\u00e7in kullan\u0131lmaktad\u0131r. Olgular\u0131n \u00e7o\u011funda verterbral arterin mobilize edilmesi gerekti\u011fi i\u00e7in vask\u00fcler zedelenme y\u00f6n\u00fcnden dikkatli olunmal\u0131d\u0131r.<\/ol>\n<\/li>\n<li style=\"list-style-type: none;\">\u00a0\n<ol>Transsigmoid yakla\u015f\u0131m: Nondominant sigmoid sin\u00fcs\u00fcn ba\u011flan\u0131p kesilmesi ile pre ve retrosigmoid yakla\u015f\u0131mlar\u0131n kombinasyonu sonucu cerrahi sahan\u0131n geni\u015fletilmesini ama\u00e7layan bir yakla\u015f\u0131md\u0131r.<\/ol>\n<\/li>\n<\/ol>\n<p><strong>5. Posterior Yakla\u015f\u0131mlar:<\/strong><\/p>\n<ol>\n<li style=\"list-style-type: none;\">\n<ol>Bu yakla\u015f\u0131mlar\u0131 kafa taban\u0131 yakla\u015f\u0131mlar\u0131 olmamakla birlikte, \u00f6nemli t\u00fcmoral patolojilerde s\u0131k kullan\u0131ld\u0131klar\u0131 i\u00e7in k\u0131sa olarak bahsedilecektir.<\/ol>\n<\/li>\n<li style=\"list-style-type: none;\"><br \/>\n<ol>Supraserebellar infratentoriyal yakla\u015f\u0131m: Pineal b\u00f6lge, beyin sap\u0131, tektum ve posterior 3. ventrik\u00fclde lokalize germ h\u00fccreli t\u00fcm\u00f6rler, meninjiomalar, glial t\u00fcm\u00f6rler ve konjenital lezyonlar\u0131 i\u00e7in uygundur.<\/ol>\n<\/li>\n<\/ol>\n<ol>\n<li style=\"list-style-type: none;\">\n<ol>Oksipital transtentoriyal yakla\u015f\u0131m: Pineal b\u00f6lge, beyin sap\u0131, tektum ve posterior 3. ventrik\u00fcl lezyonlar\u0131na oksipital lob ekartman\u0131 ile birlikte tentoryumun sin\u00fcs rektus lateralinden kesilmesi ile daha geni\u015f bir a\u00e7\u0131 ile bakmay\u0131 ama\u00e7layan bir yakla\u015f\u0131md\u0131r.<\/ol>\n<\/li>\n<li style=\"list-style-type: none;\">\u00a0\n<ol>Kombine supra ve infratentoriyal transsin\u00fcs yakla\u015f\u0131m\u0131: Yukarda bahsedilen b\u00f6lgelerdeki dev lezyonlara supraserebellar infratentoriyal yakla\u015f\u0131m ile oksipital transtentoriyal yakla\u015f\u0131m\u0131n kombine edilmesiyle elde edilen daha geni\u015f bir cerrahi alanla ula\u015fmay\u0131 ama\u00e7lar.<\/ol>\n<\/li>\n<\/ol>\n<p><strong>6.Transvermian Yakla\u015f\u0131m:<\/strong><\/p>\n<ol>\n<li style=\"list-style-type: none;\">\n<ol>Ventrik\u00fcl veya beyin sap\u0131 lezyonlar\u0131na serebellar vermisin ortadan ikiye kesilerek ula\u015f\u0131lmas\u0131n\u0131 ama\u00e7layan bir yakla\u015f\u0131md\u0131r. Y\u00fcr\u00fcme bozuklu\u011funun ortaya \u00e7\u0131kmas\u0131 nedeni ile pek fazla tercih edilmemektedir.<\/ol>\n<\/li>\n<li style=\"list-style-type: none;\">\u00a0\n<ol>Transserebellomed\u00fcller yakla\u015f\u0131m: Serebellar tonsil alt\u0131ndan serebellomed\u00fcller fiss\u00fcr diseksiyonu ile 4. ventrik\u00fcl ve beyin sap\u0131 lezyonlar\u0131na ula\u015fmay\u0131 ama\u00e7layan bir yakla\u015f\u0131md\u0131r.<\/ol>\n<\/li>\n<\/ol>\n<p>\u00a0<\/p>\n<p><!-- \/wp:list --><!-- wp:paragraph --><\/p>\n<p><!-- \/wp:paragraph --><\/p>\t\t\t\t\t\t<\/div>\n\t\t\t\t<\/div>\n\t\t\t\t\t<\/div>\n\t\t<\/div>\n\t\t\t\t<div class=\"elementor-column elementor-col-50 elementor-top-column elementor-element elementor-element-65bdd12\" data-id=\"65bdd12\" data-element_type=\"column\">\n\t\t\t<div class=\"elementor-widget-wrap elementor-element-populated\">\n\t\t\t\t\t\t\t\t<div class=\"elementor-element elementor-element-1d12c52 elementor-widget elementor-widget-sidebar\" data-id=\"1d12c52\" data-element_type=\"widget\" data-widget_type=\"sidebar.default\">\n\t\t\t\t<div class=\"elementor-widget-container\">\n\t\t\t<div class=\"widget widget-port\"><h3 class=\"footer-title\">Hastal\u0131klar<\/h3><div class=\"menu-hastaliklar-container\"><ul id=\"menu-hastaliklar\" class=\"menu\"><li id=\"menu-item-17125\" class=\"menu-item menu-item-type-post_type menu-item-object-page menu-item-17125\"><a href=\"https:\/\/www.alikurtsoy.com\/index.php\/kafa-tabani\/\">Kafa Taban\u0131<\/a><\/li>\n<li id=\"menu-item-17124\" class=\"menu-item menu-item-type-post_type menu-item-object-page menu-item-17124\"><a href=\"https:\/\/www.alikurtsoy.com\/index.php\/malign-tumorler\/\">Malign T\u00fcm\u00f6rler<\/a><\/li>\n<li id=\"menu-item-17151\" class=\"menu-item menu-item-type-post_type menu-item-object-page menu-item-17151\"><a href=\"https:\/\/www.alikurtsoy.com\/index.php\/intradural-tumorler\/\">Spinal \u0130ntradural T\u00fcm\u00f6rler<\/a><\/li>\n<li id=\"menu-item-17172\" class=\"menu-item menu-item-type-post_type menu-item-object-page menu-item-17172\"><a href=\"https:\/\/www.alikurtsoy.com\/index.php\/araknoid-kistler\/\">Araknoid Kistler<\/a><\/li>\n<li id=\"menu-item-17184\" class=\"menu-item menu-item-type-post_type menu-item-object-page menu-item-17184\"><a href=\"https:\/\/www.alikurtsoy.com\/index.php\/spinal-tumorler\/\">Spinal Ekstradural T\u00fcm\u00f6rler<\/a><\/li>\n<li id=\"menu-item-17196\" class=\"menu-item menu-item-type-post_type menu-item-object-page menu-item-17196\"><a href=\"https:\/\/www.alikurtsoy.com\/index.php\/karotid-arter-darligi\/\">Karotid Arter Darl\u0131\u011f\u0131<\/a><\/li>\n<li id=\"menu-item-17208\" class=\"menu-item menu-item-type-post_type menu-item-object-page menu-item-17208\"><a href=\"https:\/\/www.alikurtsoy.com\/index.php\/metastatik-beyin-tumorleri\/\">Metastatik Beyin T\u00fcm\u00f6rleri<\/a><\/li>\n<\/ul><\/div><\/div>\t\t<\/div>\n\t\t\t\t<\/div>\n\t\t\t\t\t<\/div>\n\t\t<\/div>\n\t\t\t\t\t\t\t<\/div>\n\t\t<\/section>\n\t\t\t\t<section class=\"elementor-section elementor-top-section elementor-element elementor-element-b672850 elementor-section-boxed elementor-section-height-default elementor-section-height-default\" data-id=\"b672850\" data-element_type=\"section\">\n\t\t\t\t\t\t<div class=\"elementor-container elementor-column-gap-default\">\n\t\t\t\t\t<div class=\"elementor-column elementor-col-100 elementor-top-column elementor-element elementor-element-a37371e\" data-id=\"a37371e\" data-element_type=\"column\">\n\t\t\t<div class=\"elementor-widget-wrap elementor-element-populated\">\n\t\t\t\t\t\t\t\t<div class=\"elementor-element elementor-element-f509632 elementor-widget elementor-widget-spacer\" data-id=\"f509632\" data-element_type=\"widget\" data-widget_type=\"spacer.default\">\n\t\t\t\t<div class=\"elementor-widget-container\">\n\t\t\t<style>\/*! elementor - v3.17.0 - 08-11-2023 *\/\n.elementor-column .elementor-spacer-inner{height:var(--spacer-size)}.e-con{--container-widget-width:100%}.e-con-inner>.elementor-widget-spacer,.e-con>.elementor-widget-spacer{width:var(--container-widget-width,var(--spacer-size));--align-self:var(--container-widget-align-self,initial);--flex-shrink:0}.e-con-inner>.elementor-widget-spacer>.elementor-widget-container,.e-con>.elementor-widget-spacer>.elementor-widget-container{height:100%;width:100%}.e-con-inner>.elementor-widget-spacer>.elementor-widget-container>.elementor-spacer,.e-con>.elementor-widget-spacer>.elementor-widget-container>.elementor-spacer{height:100%}.e-con-inner>.elementor-widget-spacer>.elementor-widget-container>.elementor-spacer>.elementor-spacer-inner,.e-con>.elementor-widget-spacer>.elementor-widget-container>.elementor-spacer>.elementor-spacer-inner{height:var(--container-widget-height,var(--spacer-size))}.e-con-inner>.elementor-widget-spacer.elementor-widget-empty,.e-con>.elementor-widget-spacer.elementor-widget-empty{position:relative;min-height:22px;min-width:22px}.e-con-inner>.elementor-widget-spacer.elementor-widget-empty .elementor-widget-empty-icon,.e-con>.elementor-widget-spacer.elementor-widget-empty .elementor-widget-empty-icon{position:absolute;top:0;bottom:0;left:0;right:0;margin:auto;padding:0;width:22px;height:22px}<\/style>\t\t<div class=\"elementor-spacer\">\n\t\t\t<div class=\"elementor-spacer-inner\"><\/div>\n\t\t<\/div>\n\t\t\t\t<\/div>\n\t\t\t\t<\/div>\n\t\t\t\t\t<\/div>\n\t\t<\/div>\n\t\t\t\t\t\t\t<\/div>\n\t\t<\/section>\n\t\t\t\t\t\t\t<\/div>\n\t\t","protected":false},"excerpt":{"rendered":"<p>Kafa Taban\u0131 Kafa taban\u0131n\u0131n farkl\u0131 b\u00f6lgelerindeki lezyonlara yakla\u015fabilmek amac\u0131 ile kullan\u0131labilecek \u00e7ok say\u0131da cerrahi teknik bulunmaktad\u0131r. Cerrahi tekni\u011fi iyi uygulayabilmek kadar endikasyonun da do\u011fru konulmas\u0131 son derece \u00f6nemlidir. Derin yerle\u015fimli bu lezyonlar\u0131n tedavisi i\u00e7in teorik bilgilerin yan\u0131 s\u0131ra pratik anatomik bilgi zorunludur ve kafa taban\u0131 cerrahisi uygulayan ekibin birikimi ve yetenekleri cerrahi tedavinin sonu\u00e7lar\u0131nda \u00f6nemli [&hellip;]<\/p>\n","protected":false},"author":1,"featured_media":0,"parent":0,"menu_order":0,"comment_status":"closed","ping_status":"closed","template":"","meta":{"_acf_changed":false,"footnotes":""},"class_list":["post-17100","page","type-page","status-publish","hentry"],"acf":[],"yoast_head":"<!-- This site is optimized with the Yoast SEO plugin v23.7 - https:\/\/yoast.com\/wordpress\/plugins\/seo\/ -->\n<title>Kafa Taban\u0131 - Prof. Dr. Ali Kurtsoy<\/title>\n<meta name=\"robots\" content=\"index, follow, max-snippet:-1, max-image-preview:large, max-video-preview:-1\" \/>\n<link rel=\"canonical\" href=\"https:\/\/www.alikurtsoy.com\/index.php\/kafa-tabani\/\" \/>\n<meta property=\"og:locale\" content=\"tr_TR\" \/>\n<meta property=\"og:type\" content=\"article\" \/>\n<meta property=\"og:title\" content=\"Kafa Taban\u0131 - Prof. Dr. Ali Kurtsoy\" \/>\n<meta property=\"og:description\" content=\"Kafa Taban\u0131 Kafa taban\u0131n\u0131n farkl\u0131 b\u00f6lgelerindeki lezyonlara yakla\u015fabilmek amac\u0131 ile kullan\u0131labilecek \u00e7ok say\u0131da cerrahi teknik bulunmaktad\u0131r. Cerrahi tekni\u011fi iyi uygulayabilmek kadar endikasyonun da do\u011fru konulmas\u0131 son derece \u00f6nemlidir. Derin yerle\u015fimli bu lezyonlar\u0131n tedavisi i\u00e7in teorik bilgilerin yan\u0131 s\u0131ra pratik anatomik bilgi zorunludur ve kafa taban\u0131 cerrahisi uygulayan ekibin birikimi ve yetenekleri cerrahi tedavinin sonu\u00e7lar\u0131nda \u00f6nemli [&hellip;]\" \/>\n<meta property=\"og:url\" content=\"https:\/\/www.alikurtsoy.com\/index.php\/kafa-tabani\/\" \/>\n<meta property=\"og:site_name\" content=\"Prof. Dr. Ali Kurtsoy\" \/>\n<meta property=\"article:publisher\" content=\"https:\/\/www.facebook.com\/ali.kurtsoy\" \/>\n<meta property=\"article:modified_time\" content=\"2022-09-16T15:56:31+00:00\" \/>\n<meta name=\"twitter:card\" content=\"summary_large_image\" \/>\n<meta name=\"twitter:label1\" content=\"Tahmini okuma s\u00fcresi\" \/>\n\t<meta name=\"twitter:data1\" content=\"5 dakika\" \/>\n<script type=\"application\/ld+json\" class=\"yoast-schema-graph\">{\"@context\":\"https:\/\/schema.org\",\"@graph\":[{\"@type\":\"WebPage\",\"@id\":\"https:\/\/www.alikurtsoy.com\/index.php\/kafa-tabani\/\",\"url\":\"https:\/\/www.alikurtsoy.com\/index.php\/kafa-tabani\/\",\"name\":\"Kafa Taban\u0131 - Prof. Dr. Ali Kurtsoy\",\"isPartOf\":{\"@id\":\"https:\/\/www.alikurtsoy.com\/#website\"},\"datePublished\":\"2022-09-15T19:32:02+00:00\",\"dateModified\":\"2022-09-16T15:56:31+00:00\",\"breadcrumb\":{\"@id\":\"https:\/\/www.alikurtsoy.com\/index.php\/kafa-tabani\/#breadcrumb\"},\"inLanguage\":\"tr\",\"potentialAction\":[{\"@type\":\"ReadAction\",\"target\":[\"https:\/\/www.alikurtsoy.com\/index.php\/kafa-tabani\/\"]}]},{\"@type\":\"BreadcrumbList\",\"@id\":\"https:\/\/www.alikurtsoy.com\/index.php\/kafa-tabani\/#breadcrumb\",\"itemListElement\":[{\"@type\":\"ListItem\",\"position\":1,\"name\":\"Anasayfa\",\"item\":\"https:\/\/www.alikurtsoy.com\/\"},{\"@type\":\"ListItem\",\"position\":2,\"name\":\"Kafa Taban\u0131\"}]},{\"@type\":\"WebSite\",\"@id\":\"https:\/\/www.alikurtsoy.com\/#website\",\"url\":\"https:\/\/www.alikurtsoy.com\/\",\"name\":\"Prof. Dr. Ali Kurtsoy\",\"description\":\"Beyin ve Sinir Cerrah\u0131\",\"publisher\":{\"@id\":\"https:\/\/www.alikurtsoy.com\/#organization\"},\"potentialAction\":[{\"@type\":\"SearchAction\",\"target\":{\"@type\":\"EntryPoint\",\"urlTemplate\":\"https:\/\/www.alikurtsoy.com\/?s={search_term_string}\"},\"query-input\":{\"@type\":\"PropertyValueSpecification\",\"valueRequired\":true,\"valueName\":\"search_term_string\"}}],\"inLanguage\":\"tr\"},{\"@type\":\"Organization\",\"@id\":\"https:\/\/www.alikurtsoy.com\/#organization\",\"name\":\"Prof. Dr. Ali Kurtsoy\",\"url\":\"https:\/\/www.alikurtsoy.com\/\",\"logo\":{\"@type\":\"ImageObject\",\"inLanguage\":\"tr\",\"@id\":\"https:\/\/www.alikurtsoy.com\/#\/schema\/logo\/image\/\",\"url\":\"https:\/\/www.alikurtsoy.com\/wp-content\/uploads\/2022\/10\/Untitled-6.png\",\"contentUrl\":\"https:\/\/www.alikurtsoy.com\/wp-content\/uploads\/2022\/10\/Untitled-6.png\",\"width\":1300,\"height\":400,\"caption\":\"Prof. Dr. Ali Kurtsoy\"},\"image\":{\"@id\":\"https:\/\/www.alikurtsoy.com\/#\/schema\/logo\/image\/\"},\"sameAs\":[\"https:\/\/www.facebook.com\/ali.kurtsoy\",\"https:\/\/www.instagram.com\/alikurtsoy\/\",\"https:\/\/www.youtube.com\/channel\/UC7q7xjMiuXYWE81uL76llUg\"]}]}<\/script>\n<!-- \/ Yoast SEO plugin. -->","yoast_head_json":{"title":"Kafa Taban\u0131 - Prof. Dr. Ali Kurtsoy","robots":{"index":"index","follow":"follow","max-snippet":"max-snippet:-1","max-image-preview":"max-image-preview:large","max-video-preview":"max-video-preview:-1"},"canonical":"https:\/\/www.alikurtsoy.com\/index.php\/kafa-tabani\/","og_locale":"tr_TR","og_type":"article","og_title":"Kafa Taban\u0131 - Prof. Dr. Ali Kurtsoy","og_description":"Kafa Taban\u0131 Kafa taban\u0131n\u0131n farkl\u0131 b\u00f6lgelerindeki lezyonlara yakla\u015fabilmek amac\u0131 ile kullan\u0131labilecek \u00e7ok say\u0131da cerrahi teknik bulunmaktad\u0131r. Cerrahi tekni\u011fi iyi uygulayabilmek kadar endikasyonun da do\u011fru konulmas\u0131 son derece \u00f6nemlidir. Derin yerle\u015fimli bu lezyonlar\u0131n tedavisi i\u00e7in teorik bilgilerin yan\u0131 s\u0131ra pratik anatomik bilgi zorunludur ve kafa taban\u0131 cerrahisi uygulayan ekibin birikimi ve yetenekleri cerrahi tedavinin sonu\u00e7lar\u0131nda \u00f6nemli [&hellip;]","og_url":"https:\/\/www.alikurtsoy.com\/index.php\/kafa-tabani\/","og_site_name":"Prof. Dr. Ali Kurtsoy","article_publisher":"https:\/\/www.facebook.com\/ali.kurtsoy","article_modified_time":"2022-09-16T15:56:31+00:00","twitter_card":"summary_large_image","twitter_misc":{"Tahmini okuma s\u00fcresi":"5 dakika"},"schema":{"@context":"https:\/\/schema.org","@graph":[{"@type":"WebPage","@id":"https:\/\/www.alikurtsoy.com\/index.php\/kafa-tabani\/","url":"https:\/\/www.alikurtsoy.com\/index.php\/kafa-tabani\/","name":"Kafa Taban\u0131 - Prof. Dr. Ali Kurtsoy","isPartOf":{"@id":"https:\/\/www.alikurtsoy.com\/#website"},"datePublished":"2022-09-15T19:32:02+00:00","dateModified":"2022-09-16T15:56:31+00:00","breadcrumb":{"@id":"https:\/\/www.alikurtsoy.com\/index.php\/kafa-tabani\/#breadcrumb"},"inLanguage":"tr","potentialAction":[{"@type":"ReadAction","target":["https:\/\/www.alikurtsoy.com\/index.php\/kafa-tabani\/"]}]},{"@type":"BreadcrumbList","@id":"https:\/\/www.alikurtsoy.com\/index.php\/kafa-tabani\/#breadcrumb","itemListElement":[{"@type":"ListItem","position":1,"name":"Anasayfa","item":"https:\/\/www.alikurtsoy.com\/"},{"@type":"ListItem","position":2,"name":"Kafa Taban\u0131"}]},{"@type":"WebSite","@id":"https:\/\/www.alikurtsoy.com\/#website","url":"https:\/\/www.alikurtsoy.com\/","name":"Prof. Dr. Ali Kurtsoy","description":"Beyin ve Sinir Cerrah\u0131","publisher":{"@id":"https:\/\/www.alikurtsoy.com\/#organization"},"potentialAction":[{"@type":"SearchAction","target":{"@type":"EntryPoint","urlTemplate":"https:\/\/www.alikurtsoy.com\/?s={search_term_string}"},"query-input":{"@type":"PropertyValueSpecification","valueRequired":true,"valueName":"search_term_string"}}],"inLanguage":"tr"},{"@type":"Organization","@id":"https:\/\/www.alikurtsoy.com\/#organization","name":"Prof. Dr. Ali Kurtsoy","url":"https:\/\/www.alikurtsoy.com\/","logo":{"@type":"ImageObject","inLanguage":"tr","@id":"https:\/\/www.alikurtsoy.com\/#\/schema\/logo\/image\/","url":"https:\/\/www.alikurtsoy.com\/wp-content\/uploads\/2022\/10\/Untitled-6.png","contentUrl":"https:\/\/www.alikurtsoy.com\/wp-content\/uploads\/2022\/10\/Untitled-6.png","width":1300,"height":400,"caption":"Prof. Dr. Ali Kurtsoy"},"image":{"@id":"https:\/\/www.alikurtsoy.com\/#\/schema\/logo\/image\/"},"sameAs":["https:\/\/www.facebook.com\/ali.kurtsoy","https:\/\/www.instagram.com\/alikurtsoy\/","https:\/\/www.youtube.com\/channel\/UC7q7xjMiuXYWE81uL76llUg"]}]}},"_links":{"self":[{"href":"https:\/\/www.alikurtsoy.com\/index.php\/wp-json\/wp\/v2\/pages\/17100"}],"collection":[{"href":"https:\/\/www.alikurtsoy.com\/index.php\/wp-json\/wp\/v2\/pages"}],"about":[{"href":"https:\/\/www.alikurtsoy.com\/index.php\/wp-json\/wp\/v2\/types\/page"}],"author":[{"embeddable":true,"href":"https:\/\/www.alikurtsoy.com\/index.php\/wp-json\/wp\/v2\/users\/1"}],"replies":[{"embeddable":true,"href":"https:\/\/www.alikurtsoy.com\/index.php\/wp-json\/wp\/v2\/comments?post=17100"}],"version-history":[{"count":41,"href":"https:\/\/www.alikurtsoy.com\/index.php\/wp-json\/wp\/v2\/pages\/17100\/revisions"}],"predecessor-version":[{"id":17446,"href":"https:\/\/www.alikurtsoy.com\/index.php\/wp-json\/wp\/v2\/pages\/17100\/revisions\/17446"}],"wp:attachment":[{"href":"https:\/\/www.alikurtsoy.com\/index.php\/wp-json\/wp\/v2\/media?parent=17100"}],"curies":[{"name":"wp","href":"https:\/\/api.w.org\/{rel}","templated":true}]}}