{"id":17195,"date":"2022-09-16T04:49:52","date_gmt":"2022-09-16T04:49:52","guid":{"rendered":"http:\/\/alikurtsoy.com\/?page_id=17195"},"modified":"2022-09-16T04:58:08","modified_gmt":"2022-09-16T04:58:08","slug":"karotid-arter-darligi","status":"publish","type":"page","link":"https:\/\/www.alikurtsoy.com\/index.php\/karotid-arter-darligi\/","title":{"rendered":"Karotid Arter Darl\u0131\u011f\u0131"},"content":{"rendered":"\t\t<div data-elementor-type=\"wp-page\" data-elementor-id=\"17195\" class=\"elementor elementor-17195\">\n\t\t\t\t\t\t\t\t\t<section class=\"elementor-section elementor-top-section elementor-element elementor-element-564cfcd6 elementor-section-boxed elementor-section-height-default elementor-section-height-default\" data-id=\"564cfcd6\" data-element_type=\"section\">\n\t\t\t\t\t\t<div class=\"elementor-container elementor-column-gap-default\">\n\t\t\t\t\t<div class=\"elementor-column elementor-col-100 elementor-top-column elementor-element elementor-element-7efd8df9\" data-id=\"7efd8df9\" data-element_type=\"column\">\n\t\t\t<div class=\"elementor-widget-wrap elementor-element-populated\">\n\t\t\t\t\t\t\t\t<div class=\"elementor-element elementor-element-1681a84d elementor-widget elementor-widget-section-title\" data-id=\"1681a84d\" data-element_type=\"widget\" data-widget_type=\"section-title.default\">\n\t\t\t\t<div class=\"elementor-widget-container\">\n\t\t\t<div class=\"pt-section pt-style-1 text-center\">\r\n\t\t\r\n   \t\t   \t\t\t   <h5 class=\"pt-section-title\" >Karotid Arter Darl\u0131\u011f\u0131<\/h5>\r\n\t\t\t\r\n<\/div>\t\t<\/div>\n\t\t\t\t<\/div>\n\t\t\t\t\t<\/div>\n\t\t<\/div>\n\t\t\t\t\t\t\t<\/div>\n\t\t<\/section>\n\t\t\t\t<section class=\"elementor-section elementor-top-section elementor-element elementor-element-546fae27 elementor-section-boxed elementor-section-height-default elementor-section-height-default\" data-id=\"546fae27\" data-element_type=\"section\">\n\t\t\t\t\t\t<div class=\"elementor-container elementor-column-gap-default\">\n\t\t\t\t\t<div class=\"elementor-column elementor-col-50 elementor-top-column elementor-element elementor-element-779ac091\" data-id=\"779ac091\" data-element_type=\"column\">\n\t\t\t<div class=\"elementor-widget-wrap elementor-element-populated\">\n\t\t\t\t\t\t\t\t<div class=\"elementor-element elementor-element-161d156d elementor-widget elementor-widget-text-editor\" data-id=\"161d156d\" data-element_type=\"widget\" data-widget_type=\"text-editor.default\">\n\t\t\t\t<div class=\"elementor-widget-container\">\n\t\t\t<style>\/*! elementor - v3.17.0 - 08-11-2023 *\/\n.elementor-widget-text-editor.elementor-drop-cap-view-stacked .elementor-drop-cap{background-color:#69727d;color:#fff}.elementor-widget-text-editor.elementor-drop-cap-view-framed .elementor-drop-cap{color:#69727d;border:3px solid;background-color:transparent}.elementor-widget-text-editor:not(.elementor-drop-cap-view-default) .elementor-drop-cap{margin-top:8px}.elementor-widget-text-editor:not(.elementor-drop-cap-view-default) .elementor-drop-cap-letter{width:1em;height:1em}.elementor-widget-text-editor .elementor-drop-cap{float:left;text-align:center;line-height:1;font-size:50px}.elementor-widget-text-editor .elementor-drop-cap-letter{display:inline-block}<\/style>\t\t\t\t<p>Servikal karotid arterin aterosklerotik lezyonlar\u0131 genellikle common karotid arterin bif\u00fcrkasyonunda veya bif\u00fcrkasyon yak\u0131nlar\u0131nda meydana gelir.<br \/>Karotid endarterektomi (KEA) karotid bif\u00fcrkasyon b\u00f6lgesindeki bu aterosiklerotik lezyonlar\u0131 \u00e7\u0131karmak i\u00e7in yap\u0131lan cerrahi i\u015flemdir.<br \/>Karotid arterde bu d\u00fczeyde olu\u015fan darl\u0131klar serebral iskemi veya karotid arter kan ak\u0131m\u0131ndaki hemodinamik bozulmalar nedeniyle serebral infarkt ya da distal embolizasyonla sonu\u00e7lanabilir.<\/p><p><br \/>Yap\u0131lan \u00e7e\u015fitli \u00e7al\u0131\u015fmalarda ba\u015far\u0131l\u0131 bir endarterektomiden sonra iskemik n\u00f6rolojik semptomlar\u0131n\u0131n ileri derecede karotid stenozu veya \u00fclserasyonu olan hastalarda stroke riskinin azald\u0131\u011f\u0131 g\u00f6sterilmi\u015ftir.<br \/><br \/>KEA primer olarak, belirgin iskemik n\u00f6rolojik semptomlar\u0131 ile ipsilateral \u00f6nemli derecede karotid stenozu ve\/veya \u00fclserasyonu olan hastalarda endikedir.<\/p><p><br \/>Amorozis fugax, santral retinal arter okluzyonu, ven\u00f6z staza ba\u011fl\u0131 retinopati ve karotid arter da\u011f\u0131l\u0131m\u0131nda T\u0130A (transient iskemik atak), uzun s\u00fcren reversibl iskemik defisit ve hafif-orta derecede kal\u0131c\u0131 iskemik defisiti olan hastalar iskemik hemisferik hasar y\u00f6n\u00fcnden risk alt\u0131ndad\u0131rlar.<br \/><br \/>S\u0131k T\u0130A ata\u011f\u0131 olan, stroke geli\u015fmekte olan veya yeni ba\u015flayan \u0131l\u0131ml\u0131 defisitleri olan hastalar en b\u00fcy\u00fck risk alt\u0131ndad\u0131rlar ve acil olarak de\u011ferlendirilmelidirler.<br \/>Semptomatik ve \u00f6l\u00e7\u00fcmlerde %70 ve \u00fczerinde darl\u0131k bulunana hastalar cerrahi i\u015flem i\u00e7in \u00e7ok uygun olan vakalar iken, bu darl\u0131\u011f\u0131n %50-69 aras\u0131nda oldu\u011fu olgular uygun olarak de\u011ferlendirilmektedir. Bunun yan\u0131 s\u0131ra stenozun fazla olmas\u0131, \u00fclsere plak olmas\u0131, kar\u015f\u0131 tarafta stenoz olmas\u0131, stenozun progresyon g\u00f6stermesi, medikal tedaviye ra\u011fmen semptomlar\u0131n devam etmesi, hastan\u0131n 60 ya\u015f\u0131ndan k\u00fc\u00e7\u00fck olmas\u0131 ve BT veya MR da hafif infark olmas\u0131 gibi kriteler hastalarda cerrahiye uygunlu\u011fu art\u0131r\u0131c\u0131 bulunmu\u015ftur. Buna kar\u015f\u0131l\u0131k, semptomatik ancak %50 alt\u0131nda stenozun olmas\u0131, asemptomatik ve %60 alt\u0131nda stenoz olmas\u0131, unstable medikal ve n\u00f6rolojik durum ve yeni ve ciddi serebral infarkt olgular\u0131n cerrahiye uygunlu\u011funu azaltmaktad\u0131r.<br \/><br \/>Cerrahi sonras\u0131 hastalar\u0131n yak\u0131n takibi zorunludur. Yo\u011fun bak\u0131m \u00fcnitelerinde hastalar, iskemik komplikasyonlar, hiperperf\u00fczyona ba\u011fl\u0131 \u00f6nceki infarkt yerinde hemoraji, miyokard iskemisi, infarkt\u0131, konjestif kalp yetmezli\u011fi, kalp ritm bozukluklar\u0131, boyunda hematom olu\u015fumuna ba\u011fl\u0131 solunum g\u00fc\u00e7l\u00fc\u011f\u00fc ve kraniyal sinir inj\u00fcrileri (7.,10.,11.,12) y\u00f6n\u00fcnden takip edilmelidirler.<\/p>\t\t\t\t\t\t<\/div>\n\t\t\t\t<\/div>\n\t\t\t\t\t<\/div>\n\t\t<\/div>\n\t\t\t\t<div class=\"elementor-column elementor-col-50 elementor-top-column elementor-element elementor-element-1b48a200\" data-id=\"1b48a200\" data-element_type=\"column\">\n\t\t\t<div class=\"elementor-widget-wrap elementor-element-populated\">\n\t\t\t\t\t\t\t\t<div class=\"elementor-element elementor-element-19f14f0f elementor-widget elementor-widget-sidebar\" data-id=\"19f14f0f\" data-element_type=\"widget\" data-widget_type=\"sidebar.default\">\n\t\t\t\t<div class=\"elementor-widget-container\">\n\t\t\t<div class=\"widget widget-port\"><h3 class=\"footer-title\">Hastal\u0131klar<\/h3><div class=\"menu-hastaliklar-container\"><ul id=\"menu-hastaliklar\" class=\"menu\"><li id=\"menu-item-17125\" class=\"menu-item menu-item-type-post_type menu-item-object-page menu-item-17125\"><a href=\"https:\/\/www.alikurtsoy.com\/index.php\/kafa-tabani\/\">Kafa Taban\u0131<\/a><\/li>\n<li id=\"menu-item-17124\" class=\"menu-item menu-item-type-post_type menu-item-object-page menu-item-17124\"><a href=\"https:\/\/www.alikurtsoy.com\/index.php\/malign-tumorler\/\">Malign T\u00fcm\u00f6rler<\/a><\/li>\n<li id=\"menu-item-17151\" class=\"menu-item menu-item-type-post_type menu-item-object-page menu-item-17151\"><a href=\"https:\/\/www.alikurtsoy.com\/index.php\/intradural-tumorler\/\">Spinal \u0130ntradural T\u00fcm\u00f6rler<\/a><\/li>\n<li id=\"menu-item-17172\" class=\"menu-item menu-item-type-post_type menu-item-object-page menu-item-17172\"><a href=\"https:\/\/www.alikurtsoy.com\/index.php\/araknoid-kistler\/\">Araknoid Kistler<\/a><\/li>\n<li id=\"menu-item-17184\" class=\"menu-item menu-item-type-post_type menu-item-object-page menu-item-17184\"><a href=\"https:\/\/www.alikurtsoy.com\/index.php\/spinal-tumorler\/\">Spinal Ekstradural T\u00fcm\u00f6rler<\/a><\/li>\n<li id=\"menu-item-17196\" class=\"menu-item menu-item-type-post_type menu-item-object-page menu-item-17196\"><a href=\"https:\/\/www.alikurtsoy.com\/index.php\/karotid-arter-darligi\/\">Karotid Arter Darl\u0131\u011f\u0131<\/a><\/li>\n<li id=\"menu-item-17208\" class=\"menu-item menu-item-type-post_type menu-item-object-page menu-item-17208\"><a href=\"https:\/\/www.alikurtsoy.com\/index.php\/metastatik-beyin-tumorleri\/\">Metastatik Beyin T\u00fcm\u00f6rleri<\/a><\/li>\n<\/ul><\/div><\/div>\t\t<\/div>\n\t\t\t\t<\/div>\n\t\t\t\t\t<\/div>\n\t\t<\/div>\n\t\t\t\t\t\t\t<\/div>\n\t\t<\/section>\n\t\t\t\t<section class=\"elementor-section elementor-top-section elementor-element elementor-element-f6e15fd elementor-section-boxed elementor-section-height-default elementor-section-height-default\" data-id=\"f6e15fd\" data-element_type=\"section\">\n\t\t\t\t\t\t<div class=\"elementor-container elementor-column-gap-default\">\n\t\t\t\t\t<div class=\"elementor-column elementor-col-100 elementor-top-column elementor-element elementor-element-1097743\" data-id=\"1097743\" data-element_type=\"column\">\n\t\t\t<div class=\"elementor-widget-wrap elementor-element-populated\">\n\t\t\t\t\t\t\t\t<div class=\"elementor-element elementor-element-235a8fb elementor-widget elementor-widget-spacer\" data-id=\"235a8fb\" data-element_type=\"widget\" data-widget_type=\"spacer.default\">\n\t\t\t\t<div class=\"elementor-widget-container\">\n\t\t\t<style>\/*! elementor - v3.17.0 - 08-11-2023 *\/\n.elementor-column .elementor-spacer-inner{height:var(--spacer-size)}.e-con{--container-widget-width:100%}.e-con-inner>.elementor-widget-spacer,.e-con>.elementor-widget-spacer{width:var(--container-widget-width,var(--spacer-size));--align-self:var(--container-widget-align-self,initial);--flex-shrink:0}.e-con-inner>.elementor-widget-spacer>.elementor-widget-container,.e-con>.elementor-widget-spacer>.elementor-widget-container{height:100%;width:100%}.e-con-inner>.elementor-widget-spacer>.elementor-widget-container>.elementor-spacer,.e-con>.elementor-widget-spacer>.elementor-widget-container>.elementor-spacer{height:100%}.e-con-inner>.elementor-widget-spacer>.elementor-widget-container>.elementor-spacer>.elementor-spacer-inner,.e-con>.elementor-widget-spacer>.elementor-widget-container>.elementor-spacer>.elementor-spacer-inner{height:var(--container-widget-height,var(--spacer-size))}.e-con-inner>.elementor-widget-spacer.elementor-widget-empty,.e-con>.elementor-widget-spacer.elementor-widget-empty{position:relative;min-height:22px;min-width:22px}.e-con-inner>.elementor-widget-spacer.elementor-widget-empty .elementor-widget-empty-icon,.e-con>.elementor-widget-spacer.elementor-widget-empty .elementor-widget-empty-icon{position:absolute;top:0;bottom:0;left:0;right:0;margin:auto;padding:0;width:22px;height:22px}<\/style>\t\t<div class=\"elementor-spacer\">\n\t\t\t<div class=\"elementor-spacer-inner\"><\/div>\n\t\t<\/div>\n\t\t\t\t<\/div>\n\t\t\t\t<\/div>\n\t\t\t\t\t<\/div>\n\t\t<\/div>\n\t\t\t\t\t\t\t<\/div>\n\t\t<\/section>\n\t\t\t\t\t\t\t<\/div>\n\t\t","protected":false},"excerpt":{"rendered":"<p>Karotid Arter Darl\u0131\u011f\u0131 Servikal karotid arterin aterosklerotik lezyonlar\u0131 genellikle common karotid arterin bif\u00fcrkasyonunda veya bif\u00fcrkasyon yak\u0131nlar\u0131nda meydana gelir.Karotid endarterektomi (KEA) karotid bif\u00fcrkasyon b\u00f6lgesindeki bu aterosiklerotik lezyonlar\u0131 \u00e7\u0131karmak i\u00e7in yap\u0131lan cerrahi i\u015flemdir.Karotid arterde bu d\u00fczeyde olu\u015fan darl\u0131klar serebral iskemi veya karotid arter kan ak\u0131m\u0131ndaki hemodinamik bozulmalar nedeniyle serebral infarkt ya da distal embolizasyonla sonu\u00e7lanabilir. Yap\u0131lan \u00e7e\u015fitli [&hellip;]<\/p>\n","protected":false},"author":1,"featured_media":0,"parent":0,"menu_order":0,"comment_status":"closed","ping_status":"closed","template":"","meta":{"_acf_changed":false,"footnotes":""},"class_list":["post-17195","page","type-page","status-publish","hentry"],"acf":[],"yoast_head":"<!-- This site is optimized with the Yoast SEO plugin v23.7 - https:\/\/yoast.com\/wordpress\/plugins\/seo\/ -->\n<title>Karotid Arter Darl\u0131\u011f\u0131 - Prof. Dr. Ali Kurtsoy<\/title>\n<meta name=\"robots\" content=\"index, follow, max-snippet:-1, max-image-preview:large, max-video-preview:-1\" \/>\n<link rel=\"canonical\" href=\"https:\/\/www.alikurtsoy.com\/index.php\/karotid-arter-darligi\/\" \/>\n<meta property=\"og:locale\" content=\"tr_TR\" \/>\n<meta property=\"og:type\" content=\"article\" \/>\n<meta property=\"og:title\" content=\"Karotid Arter Darl\u0131\u011f\u0131 - Prof. Dr. Ali Kurtsoy\" \/>\n<meta property=\"og:description\" content=\"Karotid Arter Darl\u0131\u011f\u0131 Servikal karotid arterin aterosklerotik lezyonlar\u0131 genellikle common karotid arterin bif\u00fcrkasyonunda veya bif\u00fcrkasyon yak\u0131nlar\u0131nda meydana gelir.Karotid endarterektomi (KEA) karotid bif\u00fcrkasyon b\u00f6lgesindeki bu aterosiklerotik lezyonlar\u0131 \u00e7\u0131karmak i\u00e7in yap\u0131lan cerrahi i\u015flemdir.Karotid arterde bu d\u00fczeyde olu\u015fan darl\u0131klar serebral iskemi veya karotid arter kan ak\u0131m\u0131ndaki hemodinamik bozulmalar nedeniyle serebral infarkt ya da distal embolizasyonla sonu\u00e7lanabilir. Yap\u0131lan \u00e7e\u015fitli [&hellip;]\" \/>\n<meta property=\"og:url\" content=\"https:\/\/www.alikurtsoy.com\/index.php\/karotid-arter-darligi\/\" \/>\n<meta property=\"og:site_name\" content=\"Prof. Dr. Ali Kurtsoy\" \/>\n<meta property=\"article:publisher\" content=\"https:\/\/www.facebook.com\/ali.kurtsoy\" \/>\n<meta property=\"article:modified_time\" content=\"2022-09-16T04:58:08+00:00\" \/>\n<meta name=\"twitter:card\" content=\"summary_large_image\" \/>\n<meta name=\"twitter:label1\" content=\"Tahmini okuma s\u00fcresi\" \/>\n\t<meta name=\"twitter:data1\" content=\"2 dakika\" \/>\n<script type=\"application\/ld+json\" class=\"yoast-schema-graph\">{\"@context\":\"https:\/\/schema.org\",\"@graph\":[{\"@type\":\"WebPage\",\"@id\":\"https:\/\/www.alikurtsoy.com\/index.php\/karotid-arter-darligi\/\",\"url\":\"https:\/\/www.alikurtsoy.com\/index.php\/karotid-arter-darligi\/\",\"name\":\"Karotid Arter Darl\u0131\u011f\u0131 - Prof. Dr. Ali Kurtsoy\",\"isPartOf\":{\"@id\":\"https:\/\/www.alikurtsoy.com\/#website\"},\"datePublished\":\"2022-09-16T04:49:52+00:00\",\"dateModified\":\"2022-09-16T04:58:08+00:00\",\"breadcrumb\":{\"@id\":\"https:\/\/www.alikurtsoy.com\/index.php\/karotid-arter-darligi\/#breadcrumb\"},\"inLanguage\":\"tr\",\"potentialAction\":[{\"@type\":\"ReadAction\",\"target\":[\"https:\/\/www.alikurtsoy.com\/index.php\/karotid-arter-darligi\/\"]}]},{\"@type\":\"BreadcrumbList\",\"@id\":\"https:\/\/www.alikurtsoy.com\/index.php\/karotid-arter-darligi\/#breadcrumb\",\"itemListElement\":[{\"@type\":\"ListItem\",\"position\":1,\"name\":\"Anasayfa\",\"item\":\"https:\/\/www.alikurtsoy.com\/\"},{\"@type\":\"ListItem\",\"position\":2,\"name\":\"Karotid Arter Darl\u0131\u011f\u0131\"}]},{\"@type\":\"WebSite\",\"@id\":\"https:\/\/www.alikurtsoy.com\/#website\",\"url\":\"https:\/\/www.alikurtsoy.com\/\",\"name\":\"Prof. Dr. Ali Kurtsoy\",\"description\":\"Beyin ve Sinir Cerrah\u0131\",\"publisher\":{\"@id\":\"https:\/\/www.alikurtsoy.com\/#organization\"},\"potentialAction\":[{\"@type\":\"SearchAction\",\"target\":{\"@type\":\"EntryPoint\",\"urlTemplate\":\"https:\/\/www.alikurtsoy.com\/?s={search_term_string}\"},\"query-input\":{\"@type\":\"PropertyValueSpecification\",\"valueRequired\":true,\"valueName\":\"search_term_string\"}}],\"inLanguage\":\"tr\"},{\"@type\":\"Organization\",\"@id\":\"https:\/\/www.alikurtsoy.com\/#organization\",\"name\":\"Prof. Dr. Ali Kurtsoy\",\"url\":\"https:\/\/www.alikurtsoy.com\/\",\"logo\":{\"@type\":\"ImageObject\",\"inLanguage\":\"tr\",\"@id\":\"https:\/\/www.alikurtsoy.com\/#\/schema\/logo\/image\/\",\"url\":\"https:\/\/www.alikurtsoy.com\/wp-content\/uploads\/2022\/10\/Untitled-6.png\",\"contentUrl\":\"https:\/\/www.alikurtsoy.com\/wp-content\/uploads\/2022\/10\/Untitled-6.png\",\"width\":1300,\"height\":400,\"caption\":\"Prof. Dr. Ali Kurtsoy\"},\"image\":{\"@id\":\"https:\/\/www.alikurtsoy.com\/#\/schema\/logo\/image\/\"},\"sameAs\":[\"https:\/\/www.facebook.com\/ali.kurtsoy\",\"https:\/\/www.instagram.com\/alikurtsoy\/\",\"https:\/\/www.youtube.com\/channel\/UC7q7xjMiuXYWE81uL76llUg\"]}]}<\/script>\n<!-- \/ Yoast SEO plugin. -->","yoast_head_json":{"title":"Karotid Arter Darl\u0131\u011f\u0131 - Prof. Dr. Ali Kurtsoy","robots":{"index":"index","follow":"follow","max-snippet":"max-snippet:-1","max-image-preview":"max-image-preview:large","max-video-preview":"max-video-preview:-1"},"canonical":"https:\/\/www.alikurtsoy.com\/index.php\/karotid-arter-darligi\/","og_locale":"tr_TR","og_type":"article","og_title":"Karotid Arter Darl\u0131\u011f\u0131 - Prof. Dr. Ali Kurtsoy","og_description":"Karotid Arter Darl\u0131\u011f\u0131 Servikal karotid arterin aterosklerotik lezyonlar\u0131 genellikle common karotid arterin bif\u00fcrkasyonunda veya bif\u00fcrkasyon yak\u0131nlar\u0131nda meydana gelir.Karotid endarterektomi (KEA) karotid bif\u00fcrkasyon b\u00f6lgesindeki bu aterosiklerotik lezyonlar\u0131 \u00e7\u0131karmak i\u00e7in yap\u0131lan cerrahi i\u015flemdir.Karotid arterde bu d\u00fczeyde olu\u015fan darl\u0131klar serebral iskemi veya karotid arter kan ak\u0131m\u0131ndaki hemodinamik bozulmalar nedeniyle serebral infarkt ya da distal embolizasyonla sonu\u00e7lanabilir. Yap\u0131lan \u00e7e\u015fitli [&hellip;]","og_url":"https:\/\/www.alikurtsoy.com\/index.php\/karotid-arter-darligi\/","og_site_name":"Prof. Dr. Ali Kurtsoy","article_publisher":"https:\/\/www.facebook.com\/ali.kurtsoy","article_modified_time":"2022-09-16T04:58:08+00:00","twitter_card":"summary_large_image","twitter_misc":{"Tahmini okuma s\u00fcresi":"2 dakika"},"schema":{"@context":"https:\/\/schema.org","@graph":[{"@type":"WebPage","@id":"https:\/\/www.alikurtsoy.com\/index.php\/karotid-arter-darligi\/","url":"https:\/\/www.alikurtsoy.com\/index.php\/karotid-arter-darligi\/","name":"Karotid Arter Darl\u0131\u011f\u0131 - Prof. Dr. Ali Kurtsoy","isPartOf":{"@id":"https:\/\/www.alikurtsoy.com\/#website"},"datePublished":"2022-09-16T04:49:52+00:00","dateModified":"2022-09-16T04:58:08+00:00","breadcrumb":{"@id":"https:\/\/www.alikurtsoy.com\/index.php\/karotid-arter-darligi\/#breadcrumb"},"inLanguage":"tr","potentialAction":[{"@type":"ReadAction","target":["https:\/\/www.alikurtsoy.com\/index.php\/karotid-arter-darligi\/"]}]},{"@type":"BreadcrumbList","@id":"https:\/\/www.alikurtsoy.com\/index.php\/karotid-arter-darligi\/#breadcrumb","itemListElement":[{"@type":"ListItem","position":1,"name":"Anasayfa","item":"https:\/\/www.alikurtsoy.com\/"},{"@type":"ListItem","position":2,"name":"Karotid Arter Darl\u0131\u011f\u0131"}]},{"@type":"WebSite","@id":"https:\/\/www.alikurtsoy.com\/#website","url":"https:\/\/www.alikurtsoy.com\/","name":"Prof. Dr. Ali Kurtsoy","description":"Beyin ve Sinir Cerrah\u0131","publisher":{"@id":"https:\/\/www.alikurtsoy.com\/#organization"},"potentialAction":[{"@type":"SearchAction","target":{"@type":"EntryPoint","urlTemplate":"https:\/\/www.alikurtsoy.com\/?s={search_term_string}"},"query-input":{"@type":"PropertyValueSpecification","valueRequired":true,"valueName":"search_term_string"}}],"inLanguage":"tr"},{"@type":"Organization","@id":"https:\/\/www.alikurtsoy.com\/#organization","name":"Prof. Dr. Ali Kurtsoy","url":"https:\/\/www.alikurtsoy.com\/","logo":{"@type":"ImageObject","inLanguage":"tr","@id":"https:\/\/www.alikurtsoy.com\/#\/schema\/logo\/image\/","url":"https:\/\/www.alikurtsoy.com\/wp-content\/uploads\/2022\/10\/Untitled-6.png","contentUrl":"https:\/\/www.alikurtsoy.com\/wp-content\/uploads\/2022\/10\/Untitled-6.png","width":1300,"height":400,"caption":"Prof. Dr. Ali Kurtsoy"},"image":{"@id":"https:\/\/www.alikurtsoy.com\/#\/schema\/logo\/image\/"},"sameAs":["https:\/\/www.facebook.com\/ali.kurtsoy","https:\/\/www.instagram.com\/alikurtsoy\/","https:\/\/www.youtube.com\/channel\/UC7q7xjMiuXYWE81uL76llUg"]}]}},"_links":{"self":[{"href":"https:\/\/www.alikurtsoy.com\/index.php\/wp-json\/wp\/v2\/pages\/17195"}],"collection":[{"href":"https:\/\/www.alikurtsoy.com\/index.php\/wp-json\/wp\/v2\/pages"}],"about":[{"href":"https:\/\/www.alikurtsoy.com\/index.php\/wp-json\/wp\/v2\/types\/page"}],"author":[{"embeddable":true,"href":"https:\/\/www.alikurtsoy.com\/index.php\/wp-json\/wp\/v2\/users\/1"}],"replies":[{"embeddable":true,"href":"https:\/\/www.alikurtsoy.com\/index.php\/wp-json\/wp\/v2\/comments?post=17195"}],"version-history":[{"count":8,"href":"https:\/\/www.alikurtsoy.com\/index.php\/wp-json\/wp\/v2\/pages\/17195\/revisions"}],"predecessor-version":[{"id":17233,"href":"https:\/\/www.alikurtsoy.com\/index.php\/wp-json\/wp\/v2\/pages\/17195\/revisions\/17233"}],"wp:attachment":[{"href":"https:\/\/www.alikurtsoy.com\/index.php\/wp-json\/wp\/v2\/media?parent=17195"}],"curies":[{"name":"wp","href":"https:\/\/api.w.org\/{rel}","templated":true}]}}