{"id":17207,"date":"2022-09-16T04:51:53","date_gmt":"2022-09-16T04:51:53","guid":{"rendered":"http:\/\/alikurtsoy.com\/?page_id=17207"},"modified":"2022-09-16T04:58:24","modified_gmt":"2022-09-16T04:58:24","slug":"metastatik-beyin-tumorleri","status":"publish","type":"page","link":"https:\/\/www.alikurtsoy.com\/index.php\/metastatik-beyin-tumorleri\/","title":{"rendered":"Metastatik Beyin T\u00fcm\u00f6rleri"},"content":{"rendered":"\t\t<div data-elementor-type=\"wp-page\" data-elementor-id=\"17207\" class=\"elementor elementor-17207\">\n\t\t\t\t\t\t\t\t\t<section class=\"elementor-section elementor-top-section elementor-element elementor-element-5d30943e elementor-section-boxed elementor-section-height-default elementor-section-height-default\" data-id=\"5d30943e\" data-element_type=\"section\">\n\t\t\t\t\t\t<div class=\"elementor-container elementor-column-gap-default\">\n\t\t\t\t\t<div class=\"elementor-column elementor-col-100 elementor-top-column elementor-element elementor-element-5463918d\" data-id=\"5463918d\" data-element_type=\"column\">\n\t\t\t<div class=\"elementor-widget-wrap elementor-element-populated\">\n\t\t\t\t\t\t\t\t<div class=\"elementor-element elementor-element-8373114 elementor-widget elementor-widget-section-title\" data-id=\"8373114\" data-element_type=\"widget\" data-widget_type=\"section-title.default\">\n\t\t\t\t<div class=\"elementor-widget-container\">\n\t\t\t<div class=\"pt-section pt-style-1 text-center\">\r\n\t\t\r\n   \t\t   \t\t\t   <h5 class=\"pt-section-title\" >Metastatik Beyin T\u00fcm\u00f6rleri<\/h5>\r\n\t\t\t\r\n<\/div>\t\t<\/div>\n\t\t\t\t<\/div>\n\t\t\t\t\t<\/div>\n\t\t<\/div>\n\t\t\t\t\t\t\t<\/div>\n\t\t<\/section>\n\t\t\t\t<section class=\"elementor-section elementor-top-section elementor-element elementor-element-f9cab5 elementor-section-boxed elementor-section-height-default elementor-section-height-default\" data-id=\"f9cab5\" data-element_type=\"section\">\n\t\t\t\t\t\t<div class=\"elementor-container elementor-column-gap-default\">\n\t\t\t\t\t<div class=\"elementor-column elementor-col-50 elementor-top-column elementor-element elementor-element-3e1e559f\" data-id=\"3e1e559f\" data-element_type=\"column\">\n\t\t\t<div class=\"elementor-widget-wrap elementor-element-populated\">\n\t\t\t\t\t\t\t\t<div class=\"elementor-element elementor-element-2baea110 elementor-widget elementor-widget-text-editor\" data-id=\"2baea110\" data-element_type=\"widget\" data-widget_type=\"text-editor.default\">\n\t\t\t\t<div class=\"elementor-widget-container\">\n\t\t\t<style>\/*! elementor - v3.17.0 - 08-11-2023 *\/\n.elementor-widget-text-editor.elementor-drop-cap-view-stacked .elementor-drop-cap{background-color:#69727d;color:#fff}.elementor-widget-text-editor.elementor-drop-cap-view-framed .elementor-drop-cap{color:#69727d;border:3px solid;background-color:transparent}.elementor-widget-text-editor:not(.elementor-drop-cap-view-default) .elementor-drop-cap{margin-top:8px}.elementor-widget-text-editor:not(.elementor-drop-cap-view-default) .elementor-drop-cap-letter{width:1em;height:1em}.elementor-widget-text-editor .elementor-drop-cap{float:left;text-align:center;line-height:1;font-size:50px}.elementor-widget-text-editor .elementor-drop-cap-letter{display:inline-block}<\/style>\t\t\t\t<p>Epidural metastaz ve omurilik bas\u0131s\u0131 sistemik kanserin ciddi bir n\u00f6rolojik komplikasyonudur. Kanserli hastalar\u0131n %50-70\u2019inde iskelet sistemine metastaz olacakt\u0131r. Bu oran g\u00fcn\u00fcm\u00fczde kanser tedavisinde yap\u0131lan ilerlemeler nedeniyle kanserli hastalar\u0131n ya\u015fam s\u00fcrelerinin artmas\u0131 nedeniyle ileriki tarihlerde daha da artacak gibi g\u00f6r\u00fcnmektedir. Primer odak de\u011fi\u015fik serilerde farkl\u0131l\u0131k g\u00f6stermekle birlikte meme, akci\u011fer ve lenfoma \u015feklinde s\u0131ralanabilir. Hastalar\u0131n %10\u2019unda tan\u0131 omurga metastaz\u0131 ile konulur. Yakla\u015f\u0131k %10 hastada primer odak saptanamayabilir. En s\u0131k lokalizasyon %60 oran\u0131nda torakal b\u00f6lgededir.<\/p><p>Belirgin \u00e7evre \u00f6demi, \u00e7ok say\u0131da intrakraniyal lezyon, gri-beyaz \u00e7evre bile\u015fiminde yerle\u015fim gibi \u00f6zellikleri tipiktir. Primer odaklar s\u0131ras\u0131yla akci\u011fer CA, meme CA, malign melanoma ve primer orijini bilinmeyenler (%10) \u015feklindedir. Cerrahi tedavi daha \u00e7ok soliter metastazlarda uygulanmakla birlikte e\u011fer t\u00fcm lezyonlar kombine bir yakla\u015f\u0131mla \u00e7\u0131kart\u0131labilecek lokalizasyonda ise multible metastazlarda bile cerrahi tedavi endikasyonu s\u00f6z konusu olabilir. \u00c7\u00fcnk\u00fc, geni\u015f klinik serilerden elde edilen sonu\u00e7lara g\u00f6re sadece izlenilen hastalarda ortalam survey 5 hafta olarak bulunurken, bu s\u00fcre cerrahi rezeksiyon+RT yap\u0131lan olgularda 40 hafta olarak bulunmu\u015ftur.<\/p><p>Meme, kolon, renal cell karsinomadan kaynaklanana metastazlar soliter metastaz olma e\u011filiminde iken, melanoma, akci\u011feri karsinomas\u0131 gibi kanserler multipl metastaz \u015feklinde g\u00f6zlenirler. Kanamal\u0131 metastazlara ise daha \u00e7ok melanoma, b\u00f6brek h\u00fccreli karsinom, koryokarsinoma, ve troid karsinomlu olgularda rastlan\u0131lmaktad\u0131r.<\/p><p>Prognoz:<br \/>Sadece izlenilen olgularda ortalama ya\u015fam s\u00fcresi 5 hafta olarak bulunurken, radyoterapi alan olgularda bu s\u00fcre 20 haftaya, cerrahi sonras\u0131 radyoterapi verilen olgularda ise ortalama ya\u015fam s\u00fcresi 40 haftaya kadar uzat\u0131labilmektedir.Hastalar\u0131n cerrahi tedaviden fayda g\u00f6rme kriterleri aras\u0131nda Karnofsky skoru, primer hastal\u0131\u011f\u0131n kontrol alt\u0131nda olmas\u0131, ya\u015f\u0131n 65\u2019ten k\u00fc\u00e7\u00fck olmas\u0131 ve merkezi sinir sistemi d\u0131\u015f\u0131nda metastaz\u0131n bulunmamas\u0131 tespit edilmi\u015ftir.<\/p><p>Cerrahi tedavinin amac\u0131, histolojik tan\u0131, semptomlar\u0131n d\u00fczeltilmesi ve total rezeksiyon ile lokal k\u00fcr\u00fcn elde edilmesi \u015feklinde \u00f6zetlenebilir Cerrahi tedavide mortalite %3, morbidite %10 civar\u0131ndad\u0131r.<\/p>\t\t\t\t\t\t<\/div>\n\t\t\t\t<\/div>\n\t\t\t\t\t<\/div>\n\t\t<\/div>\n\t\t\t\t<div class=\"elementor-column elementor-col-50 elementor-top-column elementor-element elementor-element-4b99e4e6\" data-id=\"4b99e4e6\" data-element_type=\"column\">\n\t\t\t<div class=\"elementor-widget-wrap elementor-element-populated\">\n\t\t\t\t\t\t\t\t<div class=\"elementor-element elementor-element-37e29c0b elementor-widget elementor-widget-sidebar\" data-id=\"37e29c0b\" data-element_type=\"widget\" data-widget_type=\"sidebar.default\">\n\t\t\t\t<div class=\"elementor-widget-container\">\n\t\t\t<div class=\"widget widget-port\"><h3 class=\"footer-title\">Hastal\u0131klar<\/h3><div class=\"menu-hastaliklar-container\"><ul id=\"menu-hastaliklar\" class=\"menu\"><li id=\"menu-item-17125\" class=\"menu-item menu-item-type-post_type menu-item-object-page menu-item-17125\"><a href=\"https:\/\/www.alikurtsoy.com\/index.php\/kafa-tabani\/\">Kafa Taban\u0131<\/a><\/li>\n<li id=\"menu-item-17124\" class=\"menu-item menu-item-type-post_type menu-item-object-page menu-item-17124\"><a href=\"https:\/\/www.alikurtsoy.com\/index.php\/malign-tumorler\/\">Malign T\u00fcm\u00f6rler<\/a><\/li>\n<li id=\"menu-item-17151\" class=\"menu-item menu-item-type-post_type menu-item-object-page menu-item-17151\"><a href=\"https:\/\/www.alikurtsoy.com\/index.php\/intradural-tumorler\/\">Spinal \u0130ntradural T\u00fcm\u00f6rler<\/a><\/li>\n<li id=\"menu-item-17172\" class=\"menu-item menu-item-type-post_type menu-item-object-page menu-item-17172\"><a href=\"https:\/\/www.alikurtsoy.com\/index.php\/araknoid-kistler\/\">Araknoid Kistler<\/a><\/li>\n<li id=\"menu-item-17184\" class=\"menu-item menu-item-type-post_type menu-item-object-page menu-item-17184\"><a href=\"https:\/\/www.alikurtsoy.com\/index.php\/spinal-tumorler\/\">Spinal Ekstradural T\u00fcm\u00f6rler<\/a><\/li>\n<li id=\"menu-item-17196\" class=\"menu-item menu-item-type-post_type menu-item-object-page menu-item-17196\"><a href=\"https:\/\/www.alikurtsoy.com\/index.php\/karotid-arter-darligi\/\">Karotid Arter Darl\u0131\u011f\u0131<\/a><\/li>\n<li id=\"menu-item-17208\" class=\"menu-item menu-item-type-post_type menu-item-object-page menu-item-17208\"><a href=\"https:\/\/www.alikurtsoy.com\/index.php\/metastatik-beyin-tumorleri\/\">Metastatik Beyin T\u00fcm\u00f6rleri<\/a><\/li>\n<\/ul><\/div><\/div>\t\t<\/div>\n\t\t\t\t<\/div>\n\t\t\t\t\t<\/div>\n\t\t<\/div>\n\t\t\t\t\t\t\t<\/div>\n\t\t<\/section>\n\t\t\t\t<section class=\"elementor-section elementor-top-section elementor-element elementor-element-ec8d6ba elementor-section-boxed elementor-section-height-default elementor-section-height-default\" data-id=\"ec8d6ba\" data-element_type=\"section\">\n\t\t\t\t\t\t<div class=\"elementor-container elementor-column-gap-default\">\n\t\t\t\t\t<div class=\"elementor-column elementor-col-100 elementor-top-column elementor-element elementor-element-c27fe2a\" data-id=\"c27fe2a\" data-element_type=\"column\">\n\t\t\t<div class=\"elementor-widget-wrap elementor-element-populated\">\n\t\t\t\t\t\t\t\t<div class=\"elementor-element elementor-element-3c4ef43 elementor-widget elementor-widget-spacer\" data-id=\"3c4ef43\" data-element_type=\"widget\" data-widget_type=\"spacer.default\">\n\t\t\t\t<div class=\"elementor-widget-container\">\n\t\t\t<style>\/*! elementor - v3.17.0 - 08-11-2023 *\/\n.elementor-column .elementor-spacer-inner{height:var(--spacer-size)}.e-con{--container-widget-width:100%}.e-con-inner>.elementor-widget-spacer,.e-con>.elementor-widget-spacer{width:var(--container-widget-width,var(--spacer-size));--align-self:var(--container-widget-align-self,initial);--flex-shrink:0}.e-con-inner>.elementor-widget-spacer>.elementor-widget-container,.e-con>.elementor-widget-spacer>.elementor-widget-container{height:100%;width:100%}.e-con-inner>.elementor-widget-spacer>.elementor-widget-container>.elementor-spacer,.e-con>.elementor-widget-spacer>.elementor-widget-container>.elementor-spacer{height:100%}.e-con-inner>.elementor-widget-spacer>.elementor-widget-container>.elementor-spacer>.elementor-spacer-inner,.e-con>.elementor-widget-spacer>.elementor-widget-container>.elementor-spacer>.elementor-spacer-inner{height:var(--container-widget-height,var(--spacer-size))}.e-con-inner>.elementor-widget-spacer.elementor-widget-empty,.e-con>.elementor-widget-spacer.elementor-widget-empty{position:relative;min-height:22px;min-width:22px}.e-con-inner>.elementor-widget-spacer.elementor-widget-empty .elementor-widget-empty-icon,.e-con>.elementor-widget-spacer.elementor-widget-empty .elementor-widget-empty-icon{position:absolute;top:0;bottom:0;left:0;right:0;margin:auto;padding:0;width:22px;height:22px}<\/style>\t\t<div class=\"elementor-spacer\">\n\t\t\t<div class=\"elementor-spacer-inner\"><\/div>\n\t\t<\/div>\n\t\t\t\t<\/div>\n\t\t\t\t<\/div>\n\t\t\t\t\t<\/div>\n\t\t<\/div>\n\t\t\t\t\t\t\t<\/div>\n\t\t<\/section>\n\t\t\t\t\t\t\t<\/div>\n\t\t","protected":false},"excerpt":{"rendered":"<p>Metastatik Beyin T\u00fcm\u00f6rleri Epidural metastaz ve omurilik bas\u0131s\u0131 sistemik kanserin ciddi bir n\u00f6rolojik komplikasyonudur. Kanserli hastalar\u0131n %50-70\u2019inde iskelet sistemine metastaz olacakt\u0131r. Bu oran g\u00fcn\u00fcm\u00fczde kanser tedavisinde yap\u0131lan ilerlemeler nedeniyle kanserli hastalar\u0131n ya\u015fam s\u00fcrelerinin artmas\u0131 nedeniyle ileriki tarihlerde daha da artacak gibi g\u00f6r\u00fcnmektedir. Primer odak de\u011fi\u015fik serilerde farkl\u0131l\u0131k g\u00f6stermekle birlikte meme, akci\u011fer ve lenfoma \u015feklinde s\u0131ralanabilir. [&hellip;]<\/p>\n","protected":false},"author":1,"featured_media":0,"parent":0,"menu_order":0,"comment_status":"closed","ping_status":"closed","template":"","meta":{"_acf_changed":false,"footnotes":""},"class_list":["post-17207","page","type-page","status-publish","hentry"],"acf":[],"yoast_head":"<!-- This site is optimized with the Yoast SEO plugin v23.7 - https:\/\/yoast.com\/wordpress\/plugins\/seo\/ -->\n<title>Metastatik Beyin T\u00fcm\u00f6rleri - Prof. Dr. Ali Kurtsoy<\/title>\n<meta name=\"robots\" content=\"index, follow, max-snippet:-1, max-image-preview:large, max-video-preview:-1\" \/>\n<link rel=\"canonical\" href=\"https:\/\/www.alikurtsoy.com\/index.php\/metastatik-beyin-tumorleri\/\" \/>\n<meta property=\"og:locale\" content=\"tr_TR\" \/>\n<meta property=\"og:type\" content=\"article\" \/>\n<meta property=\"og:title\" content=\"Metastatik Beyin T\u00fcm\u00f6rleri - Prof. Dr. Ali Kurtsoy\" \/>\n<meta property=\"og:description\" content=\"Metastatik Beyin T\u00fcm\u00f6rleri Epidural metastaz ve omurilik bas\u0131s\u0131 sistemik kanserin ciddi bir n\u00f6rolojik komplikasyonudur. Kanserli hastalar\u0131n %50-70\u2019inde iskelet sistemine metastaz olacakt\u0131r. Bu oran g\u00fcn\u00fcm\u00fczde kanser tedavisinde yap\u0131lan ilerlemeler nedeniyle kanserli hastalar\u0131n ya\u015fam s\u00fcrelerinin artmas\u0131 nedeniyle ileriki tarihlerde daha da artacak gibi g\u00f6r\u00fcnmektedir. Primer odak de\u011fi\u015fik serilerde farkl\u0131l\u0131k g\u00f6stermekle birlikte meme, akci\u011fer ve lenfoma \u015feklinde s\u0131ralanabilir. [&hellip;]\" \/>\n<meta property=\"og:url\" content=\"https:\/\/www.alikurtsoy.com\/index.php\/metastatik-beyin-tumorleri\/\" \/>\n<meta property=\"og:site_name\" content=\"Prof. Dr. Ali Kurtsoy\" \/>\n<meta property=\"article:publisher\" content=\"https:\/\/www.facebook.com\/ali.kurtsoy\" \/>\n<meta property=\"article:modified_time\" content=\"2022-09-16T04:58:24+00:00\" \/>\n<meta name=\"twitter:card\" content=\"summary_large_image\" \/>\n<meta name=\"twitter:label1\" content=\"Tahmini okuma s\u00fcresi\" \/>\n\t<meta name=\"twitter:data1\" content=\"2 dakika\" \/>\n<script type=\"application\/ld+json\" class=\"yoast-schema-graph\">{\"@context\":\"https:\/\/schema.org\",\"@graph\":[{\"@type\":\"WebPage\",\"@id\":\"https:\/\/www.alikurtsoy.com\/index.php\/metastatik-beyin-tumorleri\/\",\"url\":\"https:\/\/www.alikurtsoy.com\/index.php\/metastatik-beyin-tumorleri\/\",\"name\":\"Metastatik Beyin T\u00fcm\u00f6rleri - Prof. Dr. Ali Kurtsoy\",\"isPartOf\":{\"@id\":\"https:\/\/www.alikurtsoy.com\/#website\"},\"datePublished\":\"2022-09-16T04:51:53+00:00\",\"dateModified\":\"2022-09-16T04:58:24+00:00\",\"breadcrumb\":{\"@id\":\"https:\/\/www.alikurtsoy.com\/index.php\/metastatik-beyin-tumorleri\/#breadcrumb\"},\"inLanguage\":\"tr\",\"potentialAction\":[{\"@type\":\"ReadAction\",\"target\":[\"https:\/\/www.alikurtsoy.com\/index.php\/metastatik-beyin-tumorleri\/\"]}]},{\"@type\":\"BreadcrumbList\",\"@id\":\"https:\/\/www.alikurtsoy.com\/index.php\/metastatik-beyin-tumorleri\/#breadcrumb\",\"itemListElement\":[{\"@type\":\"ListItem\",\"position\":1,\"name\":\"Anasayfa\",\"item\":\"https:\/\/www.alikurtsoy.com\/\"},{\"@type\":\"ListItem\",\"position\":2,\"name\":\"Metastatik Beyin T\u00fcm\u00f6rleri\"}]},{\"@type\":\"WebSite\",\"@id\":\"https:\/\/www.alikurtsoy.com\/#website\",\"url\":\"https:\/\/www.alikurtsoy.com\/\",\"name\":\"Prof. Dr. Ali Kurtsoy\",\"description\":\"Beyin ve Sinir Cerrah\u0131\",\"publisher\":{\"@id\":\"https:\/\/www.alikurtsoy.com\/#organization\"},\"potentialAction\":[{\"@type\":\"SearchAction\",\"target\":{\"@type\":\"EntryPoint\",\"urlTemplate\":\"https:\/\/www.alikurtsoy.com\/?s={search_term_string}\"},\"query-input\":{\"@type\":\"PropertyValueSpecification\",\"valueRequired\":true,\"valueName\":\"search_term_string\"}}],\"inLanguage\":\"tr\"},{\"@type\":\"Organization\",\"@id\":\"https:\/\/www.alikurtsoy.com\/#organization\",\"name\":\"Prof. Dr. Ali Kurtsoy\",\"url\":\"https:\/\/www.alikurtsoy.com\/\",\"logo\":{\"@type\":\"ImageObject\",\"inLanguage\":\"tr\",\"@id\":\"https:\/\/www.alikurtsoy.com\/#\/schema\/logo\/image\/\",\"url\":\"https:\/\/www.alikurtsoy.com\/wp-content\/uploads\/2022\/10\/Untitled-6.png\",\"contentUrl\":\"https:\/\/www.alikurtsoy.com\/wp-content\/uploads\/2022\/10\/Untitled-6.png\",\"width\":1300,\"height\":400,\"caption\":\"Prof. Dr. Ali Kurtsoy\"},\"image\":{\"@id\":\"https:\/\/www.alikurtsoy.com\/#\/schema\/logo\/image\/\"},\"sameAs\":[\"https:\/\/www.facebook.com\/ali.kurtsoy\",\"https:\/\/www.instagram.com\/alikurtsoy\/\",\"https:\/\/www.youtube.com\/channel\/UC7q7xjMiuXYWE81uL76llUg\"]}]}<\/script>\n<!-- \/ Yoast SEO plugin. -->","yoast_head_json":{"title":"Metastatik Beyin T\u00fcm\u00f6rleri - Prof. Dr. Ali Kurtsoy","robots":{"index":"index","follow":"follow","max-snippet":"max-snippet:-1","max-image-preview":"max-image-preview:large","max-video-preview":"max-video-preview:-1"},"canonical":"https:\/\/www.alikurtsoy.com\/index.php\/metastatik-beyin-tumorleri\/","og_locale":"tr_TR","og_type":"article","og_title":"Metastatik Beyin T\u00fcm\u00f6rleri - Prof. Dr. Ali Kurtsoy","og_description":"Metastatik Beyin T\u00fcm\u00f6rleri Epidural metastaz ve omurilik bas\u0131s\u0131 sistemik kanserin ciddi bir n\u00f6rolojik komplikasyonudur. Kanserli hastalar\u0131n %50-70\u2019inde iskelet sistemine metastaz olacakt\u0131r. Bu oran g\u00fcn\u00fcm\u00fczde kanser tedavisinde yap\u0131lan ilerlemeler nedeniyle kanserli hastalar\u0131n ya\u015fam s\u00fcrelerinin artmas\u0131 nedeniyle ileriki tarihlerde daha da artacak gibi g\u00f6r\u00fcnmektedir. Primer odak de\u011fi\u015fik serilerde farkl\u0131l\u0131k g\u00f6stermekle birlikte meme, akci\u011fer ve lenfoma \u015feklinde s\u0131ralanabilir. [&hellip;]","og_url":"https:\/\/www.alikurtsoy.com\/index.php\/metastatik-beyin-tumorleri\/","og_site_name":"Prof. Dr. Ali Kurtsoy","article_publisher":"https:\/\/www.facebook.com\/ali.kurtsoy","article_modified_time":"2022-09-16T04:58:24+00:00","twitter_card":"summary_large_image","twitter_misc":{"Tahmini okuma s\u00fcresi":"2 dakika"},"schema":{"@context":"https:\/\/schema.org","@graph":[{"@type":"WebPage","@id":"https:\/\/www.alikurtsoy.com\/index.php\/metastatik-beyin-tumorleri\/","url":"https:\/\/www.alikurtsoy.com\/index.php\/metastatik-beyin-tumorleri\/","name":"Metastatik Beyin T\u00fcm\u00f6rleri - Prof. Dr. Ali Kurtsoy","isPartOf":{"@id":"https:\/\/www.alikurtsoy.com\/#website"},"datePublished":"2022-09-16T04:51:53+00:00","dateModified":"2022-09-16T04:58:24+00:00","breadcrumb":{"@id":"https:\/\/www.alikurtsoy.com\/index.php\/metastatik-beyin-tumorleri\/#breadcrumb"},"inLanguage":"tr","potentialAction":[{"@type":"ReadAction","target":["https:\/\/www.alikurtsoy.com\/index.php\/metastatik-beyin-tumorleri\/"]}]},{"@type":"BreadcrumbList","@id":"https:\/\/www.alikurtsoy.com\/index.php\/metastatik-beyin-tumorleri\/#breadcrumb","itemListElement":[{"@type":"ListItem","position":1,"name":"Anasayfa","item":"https:\/\/www.alikurtsoy.com\/"},{"@type":"ListItem","position":2,"name":"Metastatik Beyin T\u00fcm\u00f6rleri"}]},{"@type":"WebSite","@id":"https:\/\/www.alikurtsoy.com\/#website","url":"https:\/\/www.alikurtsoy.com\/","name":"Prof. Dr. Ali Kurtsoy","description":"Beyin ve Sinir Cerrah\u0131","publisher":{"@id":"https:\/\/www.alikurtsoy.com\/#organization"},"potentialAction":[{"@type":"SearchAction","target":{"@type":"EntryPoint","urlTemplate":"https:\/\/www.alikurtsoy.com\/?s={search_term_string}"},"query-input":{"@type":"PropertyValueSpecification","valueRequired":true,"valueName":"search_term_string"}}],"inLanguage":"tr"},{"@type":"Organization","@id":"https:\/\/www.alikurtsoy.com\/#organization","name":"Prof. Dr. Ali Kurtsoy","url":"https:\/\/www.alikurtsoy.com\/","logo":{"@type":"ImageObject","inLanguage":"tr","@id":"https:\/\/www.alikurtsoy.com\/#\/schema\/logo\/image\/","url":"https:\/\/www.alikurtsoy.com\/wp-content\/uploads\/2022\/10\/Untitled-6.png","contentUrl":"https:\/\/www.alikurtsoy.com\/wp-content\/uploads\/2022\/10\/Untitled-6.png","width":1300,"height":400,"caption":"Prof. Dr. Ali Kurtsoy"},"image":{"@id":"https:\/\/www.alikurtsoy.com\/#\/schema\/logo\/image\/"},"sameAs":["https:\/\/www.facebook.com\/ali.kurtsoy","https:\/\/www.instagram.com\/alikurtsoy\/","https:\/\/www.youtube.com\/channel\/UC7q7xjMiuXYWE81uL76llUg"]}]}},"_links":{"self":[{"href":"https:\/\/www.alikurtsoy.com\/index.php\/wp-json\/wp\/v2\/pages\/17207"}],"collection":[{"href":"https:\/\/www.alikurtsoy.com\/index.php\/wp-json\/wp\/v2\/pages"}],"about":[{"href":"https:\/\/www.alikurtsoy.com\/index.php\/wp-json\/wp\/v2\/types\/page"}],"author":[{"embeddable":true,"href":"https:\/\/www.alikurtsoy.com\/index.php\/wp-json\/wp\/v2\/users\/1"}],"replies":[{"embeddable":true,"href":"https:\/\/www.alikurtsoy.com\/index.php\/wp-json\/wp\/v2\/comments?post=17207"}],"version-history":[{"count":8,"href":"https:\/\/www.alikurtsoy.com\/index.php\/wp-json\/wp\/v2\/pages\/17207\/revisions"}],"predecessor-version":[{"id":17236,"href":"https:\/\/www.alikurtsoy.com\/index.php\/wp-json\/wp\/v2\/pages\/17207\/revisions\/17236"}],"wp:attachment":[{"href":"https:\/\/www.alikurtsoy.com\/index.php\/wp-json\/wp\/v2\/media?parent=17207"}],"curies":[{"name":"wp","href":"https:\/\/api.w.org\/{rel}","templated":true}]}}