{"id":8210,"date":"2022-02-23T07:03:33","date_gmt":"2022-02-23T07:03:33","guid":{"rendered":"https:\/\/medicate.peacefulqode.com\/?page_id=8210"},"modified":"2022-09-02T17:03:16","modified_gmt":"2022-09-02T17:03:16","slug":"appointments","status":"publish","type":"page","link":"https:\/\/www.alikurtsoy.com\/index.php\/appointments\/","title":{"rendered":"Appointments"},"content":{"rendered":"\t\t<div data-elementor-type=\"wp-page\" data-elementor-id=\"8210\" class=\"elementor elementor-8210\">\n\t\t\t\t\t\t\t\t\t<div class=\"elementor-section elementor-top-section elementor-element elementor-element-fec2248 elementor-section-full_width elementor-section-stretched elementor-section-height-default elementor-section-height-default\" data-id=\"fec2248\" data-element_type=\"section\" data-settings=\"{&quot;stretch_section&quot;:&quot;section-stretched&quot;,&quot;background_background&quot;:&quot;classic&quot;}\">\n\t\t\t\t\t\t<div class=\"elementor-container elementor-column-gap-default\">\n\t\t\t\t\t<div class=\"elementor-column elementor-col-100 elementor-top-column elementor-element elementor-element-c9ded13\" data-id=\"c9ded13\" data-element_type=\"column\">\n\t\t\t<div class=\"elementor-widget-wrap elementor-element-populated\">\n\t\t\t\t\t\t\t\t<div class=\"elementor-section elementor-inner-section elementor-element elementor-element-f24d8b8 elementor-section-boxed elementor-section-height-default elementor-section-height-default\" data-id=\"f24d8b8\" data-element_type=\"section\" data-settings=\"{&quot;background_background&quot;:&quot;classic&quot;}\">\n\t\t\t\t\t\t<div class=\"elementor-container elementor-column-gap-default\">\n\t\t\t\t\t<div class=\"elementor-column elementor-col-50 elementor-inner-column elementor-element elementor-element-8b975d6\" data-id=\"8b975d6\" data-element_type=\"column\">\n\t\t\t<div class=\"elementor-widget-wrap elementor-element-populated\">\n\t\t\t\t\t\t\t\t<div class=\"elementor-element elementor-element-cc62376 elementor-widget elementor-widget-section-title\" data-id=\"cc62376\" data-element_type=\"widget\" data-widget_type=\"section-title.default\">\n\t\t\t\t<div class=\"elementor-widget-container\">\n\t\t\t<div class=\"pt-section pt-style-1 text-text-left\">\r\n\t\t\r\n   \t\t \r\n   \t\t<span class=\"pt-section-sub-title\">Need emergency?<\/span>\r\n   \t   \t\t\t   <h5 class=\"pt-section-title\" >Make An Appointment<\/h5>\r\n\t\t\t\r\n<\/div>\t\t<\/div>\n\t\t\t\t<\/div>\n\t\t\t\t<div class=\"elementor-element elementor-element-383a38f pt-white-form elementor-widget elementor-widget-shortcode\" data-id=\"383a38f\" data-element_type=\"widget\" data-widget_type=\"shortcode.default\">\n\t\t\t\t<div class=\"elementor-widget-container\">\n\t\t\t\t\t<div class=\"elementor-shortcode\"><p class=\"wpcf7-contact-form-not-found\"><strong>Hata:<\/strong> \u0130leti\u015fim formu bulunamad\u0131.<\/p><\/div>\n\t\t\t\t<\/div>\n\t\t\t\t<\/div>\n\t\t\t\t\t<\/div>\n\t\t<\/div>\n\t\t\t\t<div class=\"elementor-column elementor-col-50 elementor-inner-column elementor-element elementor-element-4225f36 elementor-hidden-tablet elementor-hidden-mobile\" data-id=\"4225f36\" data-element_type=\"column\" data-settings=\"{&quot;background_background&quot;:&quot;classic&quot;}\">\n\t\t\t<div class=\"elementor-widget-wrap\">\n\t\t\t\t\t\t\t\t\t<\/div>\n\t\t<\/div>\n\t\t\t\t\t\t\t<\/div>\n\t\t<\/div>\n\t\t\t\t<div class=\"elementor-element elementor-element-7b9c9c0 elementor-widget__width-initial elementor-absolute pq-img-right elementor-widget-tablet__width-inherit elementor-widget elementor-widget-image\" data-id=\"7b9c9c0\" data-element_type=\"widget\" data-settings=\"{&quot;_position&quot;:&quot;absolute&quot;}\" data-widget_type=\"image.default\">\n\t\t\t\t<div class=\"elementor-widget-container\">\n\t\t\t<style>\/*! elementor - v3.17.0 - 08-11-2023 *\/\n.elementor-widget-image{text-align:center}.elementor-widget-image a{display:inline-block}.elementor-widget-image a img[src$=\".svg\"]{width:48px}.elementor-widget-image img{vertical-align:middle;display:inline-block}<\/style>\t\t\t\t\t\t\t\t\t\t\t\t<img decoding=\"async\" src=\"https:\/\/www.alikurtsoy.com\/wp-content\/uploads\/elementor\/thumbs\/about-img-2-pu6h7oahk710ezohywx3cw7j952in3z9r2q6svdzy8.jpg\" title=\"about-img-2\" alt=\"about-img-2\" loading=\"lazy\" \/>\t\t\t\t\t\t\t\t\t\t\t\t\t\t\t<\/div>\n\t\t\t\t<\/div>\n\t\t\t\t\t<\/div>\n\t\t<\/div>\n\t\t\t\t\t\t\t<\/div>\n\t\t<\/div>\n\t\t\t\t<div class=\"elementor-section elementor-top-section elementor-element elementor-element-530a119 elementor-section-full_width elementor-section-stretched elementor-section-height-default elementor-section-height-default\" data-id=\"530a119\" data-element_type=\"section\" data-settings=\"{&quot;stretch_section&quot;:&quot;section-stretched&quot;,&quot;background_background&quot;:&quot;classic&quot;}\">\n\t\t\t\t\t\t<div class=\"elementor-container elementor-column-gap-default\">\n\t\t\t\t\t<div class=\"elementor-column elementor-col-100 elementor-top-column elementor-element elementor-element-05ba61b\" data-id=\"05ba61b\" data-element_type=\"column\">\n\t\t\t<div class=\"elementor-widget-wrap elementor-element-populated\">\n\t\t\t\t\t\t\t\t<div class=\"elementor-section elementor-inner-section elementor-element elementor-element-0b23cab elementor-section-boxed elementor-section-height-default elementor-section-height-default\" data-id=\"0b23cab\" data-element_type=\"section\">\n\t\t\t\t\t\t<div class=\"elementor-container elementor-column-gap-default\">\n\t\t\t\t\t<div class=\"elementor-column elementor-col-100 elementor-inner-column elementor-element elementor-element-5869d8a\" data-id=\"5869d8a\" data-element_type=\"column\">\n\t\t\t<div class=\"elementor-widget-wrap elementor-element-populated\">\n\t\t\t\t\t\t\t\t<div class=\"elementor-element elementor-element-263f0ce elementor-widget elementor-widget-section-title\" data-id=\"263f0ce\" data-element_type=\"widget\" data-widget_type=\"section-title.default\">\n\t\t\t\t<div class=\"elementor-widget-container\">\n\t\t\t<div class=\"pt-section pt-style-1 text-center\">\r\n\t\t\r\n   \t\t \r\n   \t\t<span class=\"pt-section-sub-title\">OUR STEP<\/span>\r\n   \t   \t\t\t   <h5 class=\"pt-section-title\" >Our Workig Best Processs<\/h5>\r\n\t\t\t\r\n<\/div>\t\t<\/div>\n\t\t\t\t<\/div>\n\t\t\t\t\t<\/div>\n\t\t<\/div>\n\t\t\t\t\t\t\t<\/div>\n\t\t<\/div>\n\t\t\t\t<div class=\"elementor-section elementor-inner-section elementor-element elementor-element-6a1e902 elementor-section-boxed elementor-section-height-default elementor-section-height-default\" data-id=\"6a1e902\" data-element_type=\"section\">\n\t\t\t\t\t\t<div class=\"elementor-container elementor-column-gap-default\">\n\t\t\t\t\t<div class=\"elementor-column elementor-col-25 elementor-inner-column elementor-element elementor-element-2f9696c\" data-id=\"2f9696c\" data-element_type=\"column\">\n\t\t\t<div class=\"elementor-widget-wrap elementor-element-populated\">\n\t\t\t\t\t\t\t\t<div class=\"elementor-element elementor-element-99ce29b elementor-widget elementor-widget-Process_Step\" data-id=\"99ce29b\" data-element_type=\"widget\" data-widget_type=\"Process_Step.default\">\n\t\t\t\t<div class=\"elementor-widget-container\">\n\t\t\t        <div class=\"pt-process-step pt-style-4 up\">\r\n                    <div class=\"pt-process-number\">\r\n                1            <\/div>\r\n                    <div class=\"pt-process-icon-box\">\r\n            <div class=\"pt-process-icon\">\r\n                <i class=\"ion ion-android-arrow-dropright\" aria-hidden=\"true\"><\/i>\r\n            <\/div>\r\n            <div class=\"pt-process-contain\">\r\n                <h5 class=\"pt-process-title\">This is title<\/h5>                <p>Enter your Description here<\/p>\r\n            <\/div>\r\n        <\/div>\r\n            <\/div>\r\n    \r\n\r\n\r\n\t\t<\/div>\n\t\t\t\t<\/div>\n\t\t\t\t\t<\/div>\n\t\t<\/div>\n\t\t\t\t<div class=\"elementor-column elementor-col-25 elementor-inner-column elementor-element elementor-element-60ba1da\" data-id=\"60ba1da\" data-element_type=\"column\">\n\t\t\t<div class=\"elementor-widget-wrap elementor-element-populated\">\n\t\t\t\t\t\t\t\t<div class=\"elementor-element elementor-element-b03e929 elementor-widget elementor-widget-Process_Step\" data-id=\"b03e929\" data-element_type=\"widget\" data-widget_type=\"Process_Step.default\">\n\t\t\t\t<div class=\"elementor-widget-container\">\n\t\t\t        <div class=\"pt-process-step pt-style-4 up\">\r\n                    <div class=\"pt-process-number\">\r\n                1            <\/div>\r\n                    <div class=\"pt-process-icon-box\">\r\n            <div class=\"pt-process-icon\">\r\n                <i class=\"ion ion-android-arrow-dropright\" aria-hidden=\"true\"><\/i>\r\n            <\/div>\r\n            <div class=\"pt-process-contain\">\r\n                <h5 class=\"pt-process-title\">This is title<\/h5>                <p>Enter your Description here<\/p>\r\n            <\/div>\r\n        <\/div>\r\n            <\/div>\r\n    \r\n\r\n\r\n\t\t<\/div>\n\t\t\t\t<\/div>\n\t\t\t\t\t<\/div>\n\t\t<\/div>\n\t\t\t\t<div class=\"elementor-column elementor-col-25 elementor-inner-column elementor-element elementor-element-8a4a82b\" data-id=\"8a4a82b\" data-element_type=\"column\">\n\t\t\t<div class=\"elementor-widget-wrap elementor-element-populated\">\n\t\t\t\t\t\t\t\t<div class=\"elementor-element elementor-element-9df86d4 elementor-widget elementor-widget-Process_Step\" data-id=\"9df86d4\" data-element_type=\"widget\" data-widget_type=\"Process_Step.default\">\n\t\t\t\t<div class=\"elementor-widget-container\">\n\t\t\t        <div class=\"pt-process-step pt-style-4 up\">\r\n                    <div class=\"pt-process-number\">\r\n                1            <\/div>\r\n                    <div class=\"pt-process-icon-box\">\r\n            <div class=\"pt-process-icon\">\r\n                <i class=\"ion ion-android-arrow-dropright\" aria-hidden=\"true\"><\/i>\r\n            <\/div>\r\n            <div class=\"pt-process-contain\">\r\n                <h5 class=\"pt-process-title\">This is title<\/h5>                <p>Enter your Description here<\/p>\r\n            <\/div>\r\n        <\/div>\r\n            <\/div>\r\n    \r\n\r\n\r\n\t\t<\/div>\n\t\t\t\t<\/div>\n\t\t\t\t\t<\/div>\n\t\t<\/div>\n\t\t\t\t<div class=\"elementor-column elementor-col-25 elementor-inner-column elementor-element elementor-element-9a1fad1\" data-id=\"9a1fad1\" data-element_type=\"column\">\n\t\t\t<div class=\"elementor-widget-wrap elementor-element-populated\">\n\t\t\t\t\t\t\t\t<div class=\"elementor-element elementor-element-85e4ff0 elementor-widget elementor-widget-Process_Step\" data-id=\"85e4ff0\" data-element_type=\"widget\" data-widget_type=\"Process_Step.default\">\n\t\t\t\t<div class=\"elementor-widget-container\">\n\t\t\t        <div class=\"pt-process-step pt-style-4 up\">\r\n                    <div class=\"pt-process-number\">\r\n                1            <\/div>\r\n                    <div class=\"pt-process-icon-box\">\r\n            <div class=\"pt-process-icon\">\r\n                <i class=\"ion ion-android-arrow-dropright\" aria-hidden=\"true\"><\/i>\r\n            <\/div>\r\n            <div class=\"pt-process-contain\">\r\n                <h5 class=\"pt-process-title\">This is title<\/h5>                <p>Enter your Description here<\/p>\r\n            <\/div>\r\n        <\/div>\r\n            <\/div>\r\n    \r\n\r\n\r\n\t\t<\/div>\n\t\t\t\t<\/div>\n\t\t\t\t\t<\/div>\n\t\t<\/div>\n\t\t\t\t\t\t\t<\/div>\n\t\t<\/div>\n\t\t\t\t<div class=\"elementor-section elementor-inner-section elementor-element elementor-element-b260475 elementor-section-boxed elementor-section-height-default elementor-section-height-default\" data-id=\"b260475\" data-element_type=\"section\">\n\t\t\t\t\t\t<div class=\"elementor-container elementor-column-gap-default\">\n\t\t\t\t\t<div class=\"elementor-column elementor-col-100 elementor-inner-column elementor-element elementor-element-ab34213\" data-id=\"ab34213\" data-element_type=\"column\">\n\t\t\t<div class=\"elementor-widget-wrap elementor-element-populated\">\n\t\t\t\t\t\t\t\t<div class=\"elementor-element elementor-element-266e0e7 elementor-widget elementor-widget-Button\" data-id=\"266e0e7\" data-element_type=\"widget\" data-widget_type=\"Button.default\">\n\t\t\t\t<div class=\"elementor-widget-container\">\n\t\t\t\r\n\r\n  <div class=\"pt-btn-container\">\r\n        <a class=\"pt-button pt-button-flat\" href=\"https:\/\/medicate.peacefulqode.com\/contact-us\/\">\r\n          <div class=\"pt-button-block\">\r\n          <span class=\"pt-button-text\">Get Appointment<\/span>\r\n            <i class=\"ion ion-plus-round\"><\/i>\r\n          <\/div>\r\n        <\/a>\r\n  <\/div>\r\n\r\n\t\t<\/div>\n\t\t\t\t<\/div>\n\t\t\t\t\t<\/div>\n\t\t<\/div>\n\t\t\t\t\t\t\t<\/div>\n\t\t<\/div>\n\t\t\t\t\t<\/div>\n\t\t<\/div>\n\t\t\t\t\t\t\t<\/div>\n\t\t<\/div>\n\t\t\t\t\t\t\t<\/div>\n\t\t","protected":false},"excerpt":{"rendered":"<p>Need emergency? Make An Appointment OUR STEP Our Workig Best Processs 01 Emergency Care There are many variations of passages Lorem Ipsum available 02 Operation Theatre There are many variations of passages Lorem Ipsum available 03 Blood Test There are many variations of passages Lorem Ipsum available 04 Outdoor Checkup There are many variations of [&hellip;]<\/p>\n","protected":false},"author":1,"featured_media":0,"parent":0,"menu_order":0,"comment_status":"closed","ping_status":"closed","template":"","meta":{"_acf_changed":false,"footnotes":""},"class_list":["post-8210","page","type-page","status-publish","hentry"],"acf":[],"yoast_head":"<!-- This site is optimized with the Yoast SEO plugin v23.7 - https:\/\/yoast.com\/wordpress\/plugins\/seo\/ -->\n<title>Appointments - Prof. Dr. Ali Kurtsoy<\/title>\n<meta name=\"robots\" content=\"index, follow, max-snippet:-1, max-image-preview:large, max-video-preview:-1\" \/>\n<link rel=\"canonical\" href=\"https:\/\/www.alikurtsoy.com\/index.php\/appointments\/\" \/>\n<meta property=\"og:locale\" content=\"tr_TR\" \/>\n<meta property=\"og:type\" content=\"article\" \/>\n<meta property=\"og:title\" content=\"Appointments - Prof. Dr. Ali Kurtsoy\" \/>\n<meta property=\"og:description\" content=\"Need emergency? Make An Appointment OUR STEP Our Workig Best Processs 01 Emergency Care There are many variations of passages Lorem Ipsum available 02 Operation Theatre There are many variations of passages Lorem Ipsum available 03 Blood Test There are many variations of passages Lorem Ipsum available 04 Outdoor Checkup There are many variations of [&hellip;]\" \/>\n<meta property=\"og:url\" content=\"https:\/\/www.alikurtsoy.com\/index.php\/appointments\/\" \/>\n<meta property=\"og:site_name\" content=\"Prof. Dr. Ali Kurtsoy\" \/>\n<meta property=\"article:publisher\" content=\"https:\/\/www.facebook.com\/ali.kurtsoy\" \/>\n<meta property=\"article:modified_time\" content=\"2022-09-02T17:03:16+00:00\" \/>\n<meta property=\"og:image\" content=\"https:\/\/medicate.peacefulqode.com\/wp-content\/uploads\/elementor\/thumbs\/about-img-2-pkqlv6fc39dxiak1z95y9ley6txsf8p9qmvs5scktw.jpg\" \/>\n<meta name=\"twitter:card\" content=\"summary_large_image\" \/>\n<script type=\"application\/ld+json\" class=\"yoast-schema-graph\">{\"@context\":\"https:\/\/schema.org\",\"@graph\":[{\"@type\":\"WebPage\",\"@id\":\"https:\/\/www.alikurtsoy.com\/index.php\/appointments\/\",\"url\":\"https:\/\/www.alikurtsoy.com\/index.php\/appointments\/\",\"name\":\"Appointments - Prof. Dr. Ali Kurtsoy\",\"isPartOf\":{\"@id\":\"https:\/\/www.alikurtsoy.com\/#website\"},\"primaryImageOfPage\":{\"@id\":\"https:\/\/www.alikurtsoy.com\/index.php\/appointments\/#primaryimage\"},\"image\":{\"@id\":\"https:\/\/www.alikurtsoy.com\/index.php\/appointments\/#primaryimage\"},\"thumbnailUrl\":\"https:\/\/medicate.peacefulqode.com\/wp-content\/uploads\/elementor\/thumbs\/about-img-2-pkqlv6fc39dxiak1z95y9ley6txsf8p9qmvs5scktw.jpg\",\"datePublished\":\"2022-02-23T07:03:33+00:00\",\"dateModified\":\"2022-09-02T17:03:16+00:00\",\"breadcrumb\":{\"@id\":\"https:\/\/www.alikurtsoy.com\/index.php\/appointments\/#breadcrumb\"},\"inLanguage\":\"tr\",\"potentialAction\":[{\"@type\":\"ReadAction\",\"target\":[\"https:\/\/www.alikurtsoy.com\/index.php\/appointments\/\"]}]},{\"@type\":\"ImageObject\",\"inLanguage\":\"tr\",\"@id\":\"https:\/\/www.alikurtsoy.com\/index.php\/appointments\/#primaryimage\",\"url\":\"https:\/\/medicate.peacefulqode.com\/wp-content\/uploads\/elementor\/thumbs\/about-img-2-pkqlv6fc39dxiak1z95y9ley6txsf8p9qmvs5scktw.jpg\",\"contentUrl\":\"https:\/\/medicate.peacefulqode.com\/wp-content\/uploads\/elementor\/thumbs\/about-img-2-pkqlv6fc39dxiak1z95y9ley6txsf8p9qmvs5scktw.jpg\"},{\"@type\":\"BreadcrumbList\",\"@id\":\"https:\/\/www.alikurtsoy.com\/index.php\/appointments\/#breadcrumb\",\"itemListElement\":[{\"@type\":\"ListItem\",\"position\":1,\"name\":\"Anasayfa\",\"item\":\"https:\/\/www.alikurtsoy.com\/\"},{\"@type\":\"ListItem\",\"position\":2,\"name\":\"Appointments\"}]},{\"@type\":\"WebSite\",\"@id\":\"https:\/\/www.alikurtsoy.com\/#website\",\"url\":\"https:\/\/www.alikurtsoy.com\/\",\"name\":\"Prof. Dr. Ali Kurtsoy\",\"description\":\"Beyin ve Sinir Cerrah\u0131\",\"publisher\":{\"@id\":\"https:\/\/www.alikurtsoy.com\/#organization\"},\"potentialAction\":[{\"@type\":\"SearchAction\",\"target\":{\"@type\":\"EntryPoint\",\"urlTemplate\":\"https:\/\/www.alikurtsoy.com\/?s={search_term_string}\"},\"query-input\":{\"@type\":\"PropertyValueSpecification\",\"valueRequired\":true,\"valueName\":\"search_term_string\"}}],\"inLanguage\":\"tr\"},{\"@type\":\"Organization\",\"@id\":\"https:\/\/www.alikurtsoy.com\/#organization\",\"name\":\"Prof. Dr. Ali Kurtsoy\",\"url\":\"https:\/\/www.alikurtsoy.com\/\",\"logo\":{\"@type\":\"ImageObject\",\"inLanguage\":\"tr\",\"@id\":\"https:\/\/www.alikurtsoy.com\/#\/schema\/logo\/image\/\",\"url\":\"https:\/\/www.alikurtsoy.com\/wp-content\/uploads\/2022\/10\/Untitled-6.png\",\"contentUrl\":\"https:\/\/www.alikurtsoy.com\/wp-content\/uploads\/2022\/10\/Untitled-6.png\",\"width\":1300,\"height\":400,\"caption\":\"Prof. Dr. Ali Kurtsoy\"},\"image\":{\"@id\":\"https:\/\/www.alikurtsoy.com\/#\/schema\/logo\/image\/\"},\"sameAs\":[\"https:\/\/www.facebook.com\/ali.kurtsoy\",\"https:\/\/www.instagram.com\/alikurtsoy\/\",\"https:\/\/www.youtube.com\/channel\/UC7q7xjMiuXYWE81uL76llUg\"]}]}<\/script>\n<!-- \/ Yoast SEO plugin. -->","yoast_head_json":{"title":"Appointments - Prof. Dr. Ali Kurtsoy","robots":{"index":"index","follow":"follow","max-snippet":"max-snippet:-1","max-image-preview":"max-image-preview:large","max-video-preview":"max-video-preview:-1"},"canonical":"https:\/\/www.alikurtsoy.com\/index.php\/appointments\/","og_locale":"tr_TR","og_type":"article","og_title":"Appointments - Prof. Dr. Ali Kurtsoy","og_description":"Need emergency? Make An Appointment OUR STEP Our Workig Best Processs 01 Emergency Care There are many variations of passages Lorem Ipsum available 02 Operation Theatre There are many variations of passages Lorem Ipsum available 03 Blood Test There are many variations of passages Lorem Ipsum available 04 Outdoor Checkup There are many variations of [&hellip;]","og_url":"https:\/\/www.alikurtsoy.com\/index.php\/appointments\/","og_site_name":"Prof. Dr. Ali Kurtsoy","article_publisher":"https:\/\/www.facebook.com\/ali.kurtsoy","article_modified_time":"2022-09-02T17:03:16+00:00","og_image":[{"url":"https:\/\/medicate.peacefulqode.com\/wp-content\/uploads\/elementor\/thumbs\/about-img-2-pkqlv6fc39dxiak1z95y9ley6txsf8p9qmvs5scktw.jpg"}],"twitter_card":"summary_large_image","schema":{"@context":"https:\/\/schema.org","@graph":[{"@type":"WebPage","@id":"https:\/\/www.alikurtsoy.com\/index.php\/appointments\/","url":"https:\/\/www.alikurtsoy.com\/index.php\/appointments\/","name":"Appointments - Prof. Dr. Ali Kurtsoy","isPartOf":{"@id":"https:\/\/www.alikurtsoy.com\/#website"},"primaryImageOfPage":{"@id":"https:\/\/www.alikurtsoy.com\/index.php\/appointments\/#primaryimage"},"image":{"@id":"https:\/\/www.alikurtsoy.com\/index.php\/appointments\/#primaryimage"},"thumbnailUrl":"https:\/\/medicate.peacefulqode.com\/wp-content\/uploads\/elementor\/thumbs\/about-img-2-pkqlv6fc39dxiak1z95y9ley6txsf8p9qmvs5scktw.jpg","datePublished":"2022-02-23T07:03:33+00:00","dateModified":"2022-09-02T17:03:16+00:00","breadcrumb":{"@id":"https:\/\/www.alikurtsoy.com\/index.php\/appointments\/#breadcrumb"},"inLanguage":"tr","potentialAction":[{"@type":"ReadAction","target":["https:\/\/www.alikurtsoy.com\/index.php\/appointments\/"]}]},{"@type":"ImageObject","inLanguage":"tr","@id":"https:\/\/www.alikurtsoy.com\/index.php\/appointments\/#primaryimage","url":"https:\/\/medicate.peacefulqode.com\/wp-content\/uploads\/elementor\/thumbs\/about-img-2-pkqlv6fc39dxiak1z95y9ley6txsf8p9qmvs5scktw.jpg","contentUrl":"https:\/\/medicate.peacefulqode.com\/wp-content\/uploads\/elementor\/thumbs\/about-img-2-pkqlv6fc39dxiak1z95y9ley6txsf8p9qmvs5scktw.jpg"},{"@type":"BreadcrumbList","@id":"https:\/\/www.alikurtsoy.com\/index.php\/appointments\/#breadcrumb","itemListElement":[{"@type":"ListItem","position":1,"name":"Anasayfa","item":"https:\/\/www.alikurtsoy.com\/"},{"@type":"ListItem","position":2,"name":"Appointments"}]},{"@type":"WebSite","@id":"https:\/\/www.alikurtsoy.com\/#website","url":"https:\/\/www.alikurtsoy.com\/","name":"Prof. Dr. Ali Kurtsoy","description":"Beyin ve Sinir Cerrah\u0131","publisher":{"@id":"https:\/\/www.alikurtsoy.com\/#organization"},"potentialAction":[{"@type":"SearchAction","target":{"@type":"EntryPoint","urlTemplate":"https:\/\/www.alikurtsoy.com\/?s={search_term_string}"},"query-input":{"@type":"PropertyValueSpecification","valueRequired":true,"valueName":"search_term_string"}}],"inLanguage":"tr"},{"@type":"Organization","@id":"https:\/\/www.alikurtsoy.com\/#organization","name":"Prof. Dr. Ali Kurtsoy","url":"https:\/\/www.alikurtsoy.com\/","logo":{"@type":"ImageObject","inLanguage":"tr","@id":"https:\/\/www.alikurtsoy.com\/#\/schema\/logo\/image\/","url":"https:\/\/www.alikurtsoy.com\/wp-content\/uploads\/2022\/10\/Untitled-6.png","contentUrl":"https:\/\/www.alikurtsoy.com\/wp-content\/uploads\/2022\/10\/Untitled-6.png","width":1300,"height":400,"caption":"Prof. Dr. Ali Kurtsoy"},"image":{"@id":"https:\/\/www.alikurtsoy.com\/#\/schema\/logo\/image\/"},"sameAs":["https:\/\/www.facebook.com\/ali.kurtsoy","https:\/\/www.instagram.com\/alikurtsoy\/","https:\/\/www.youtube.com\/channel\/UC7q7xjMiuXYWE81uL76llUg"]}]}},"_links":{"self":[{"href":"https:\/\/www.alikurtsoy.com\/index.php\/wp-json\/wp\/v2\/pages\/8210"}],"collection":[{"href":"https:\/\/www.alikurtsoy.com\/index.php\/wp-json\/wp\/v2\/pages"}],"about":[{"href":"https:\/\/www.alikurtsoy.com\/index.php\/wp-json\/wp\/v2\/types\/page"}],"author":[{"embeddable":true,"href":"https:\/\/www.alikurtsoy.com\/index.php\/wp-json\/wp\/v2\/users\/1"}],"replies":[{"embeddable":true,"href":"https:\/\/www.alikurtsoy.com\/index.php\/wp-json\/wp\/v2\/comments?post=8210"}],"version-history":[{"count":1,"href":"https:\/\/www.alikurtsoy.com\/index.php\/wp-json\/wp\/v2\/pages\/8210\/revisions"}],"predecessor-version":[{"id":16792,"href":"https:\/\/www.alikurtsoy.com\/index.php\/wp-json\/wp\/v2\/pages\/8210\/revisions\/16792"}],"wp:attachment":[{"href":"https:\/\/www.alikurtsoy.com\/index.php\/wp-json\/wp\/v2\/media?parent=8210"}],"curies":[{"name":"wp","href":"https:\/\/api.w.org\/{rel}","templated":true}]}}